{"id":434,"date":"2024-12-30T17:32:49","date_gmt":"2024-12-30T17:32:49","guid":{"rendered":"https:\/\/aemcs.pt\/site\/?page_id=434"},"modified":"2025-02-21T11:54:26","modified_gmt":"2025-02-21T11:54:26","slug":"reunioes-e-comunicacao-com-encarregados-de-educacao","status":"publish","type":"page","link":"https:\/\/aemcs.pt\/site\/reunioes-e-comunicacao-com-encarregados-de-educacao\/","title":{"rendered":"Reuni\u00f5es e Comunica\u00e7\u00e3o com Encarregados de Educa\u00e7\u00e3o"},"content":{"rendered":"\t\t<div data-elementor-type=\"wp-page\" data-elementor-id=\"434\" class=\"elementor elementor-434\">\n\t\t\t\t<div class=\"elementor-element elementor-element-15aa918 e-flex e-con-boxed e-con e-parent\" data-id=\"15aa918\" data-element_type=\"container\" data-e-type=\"container\">\n\t\t\t\t\t<div class=\"e-con-inner\">\n\t\t\t\t<div class=\"elementor-element elementor-element-b2d73fe elementor-widget elementor-widget-text-editor\" data-id=\"b2d73fe\" data-element_type=\"widget\" data-e-type=\"widget\" data-widget_type=\"text-editor.default\">\n\t\t\t\t<div class=\"elementor-widget-container\">\n\t\t\t\t\t\t\t\t\t<p><strong>ANO LETIVO 2024\/2025<\/strong><\/p>\t\t\t\t\t\t\t\t<\/div>\n\t\t\t\t<\/div>\n\t\t\t\t\t<\/div>\n\t\t\t\t<\/div>\n\t\t<div class=\"elementor-element elementor-element-9b7848f e-flex e-con-boxed e-con e-parent\" data-id=\"9b7848f\" data-element_type=\"container\" data-e-type=\"container\">\n\t\t\t\t\t<div class=\"e-con-inner\">\n\t\t\t\t<div class=\"elementor-element elementor-element-c14d05d elementor-widget elementor-widget-text-editor\" data-id=\"c14d05d\" data-element_type=\"widget\" data-e-type=\"widget\" data-widget_type=\"text-editor.default\">\n\t\t\t\t<div class=\"elementor-widget-container\">\n\t\t\t\t\t\t\t\t\t<p>&#8211; Reuni\u00f5es de Pais e Encarregados de Educa\u00e7\u00e3o &#8211; Avalia\u00e7\u00e3o do 1.\u00ba Semestre<br \/>\u00a0 . Pode consultar <a href=\"https:\/\/aemcs.pt\/site\/wp-content\/uploads\/2025\/02\/Grelha-de-marcacao-de-reunioes-EE_fevereiro_25-1.pdf\" target=\"_blank\" rel=\"noopener\">aqui<\/a> o calend\u00e1rio.<\/p>\t\t\t\t\t\t\t\t<\/div>\n\t\t\t\t<\/div>\n\t\t\t\t\t<\/div>\n\t\t\t\t<\/div>\n\t\t\t\t<\/div>\n\t\t","protected":false},"excerpt":{"rendered":"<p>ANO LETIVO 2024\/2025 &#8211; Reuni\u00f5es de Pais e Encarregados de Educa\u00e7\u00e3o &#8211; Avalia\u00e7\u00e3o do 1.\u00ba Semestre\u00a0 . Pode consultar aqui o calend\u00e1rio.<\/p>\n","protected":false},"author":1,"featured_media":0,"parent":0,"menu_order":0,"comment_status":"closed","ping_status":"closed","template":"","meta":{"footnotes":""},"categories":[],"tags":[],"class_list":["post-434","page","type-page","status-publish","hentry"],"_links":{"self":[{"href":"https:\/\/aemcs.pt\/site\/wp-json\/wp\/v2\/pages\/434","targetHints":{"allow":["GET"]}}],"collection":[{"href":"https:\/\/aemcs.pt\/site\/wp-json\/wp\/v2\/pages"}],"about":[{"href":"https:\/\/aemcs.pt\/site\/wp-json\/wp\/v2\/types\/page"}],"author":[{"embeddable":true,"href":"https:\/\/aemcs.pt\/site\/wp-json\/wp\/v2\/users\/1"}],"replies":[{"embeddable":true,"href":"https:\/\/aemcs.pt\/site\/wp-json\/wp\/v2\/comments?post=434"}],"version-history":[{"count":7,"href":"https:\/\/aemcs.pt\/site\/wp-json\/wp\/v2\/pages\/434\/revisions"}],"predecessor-version":[{"id":1291,"href":"https:\/\/aemcs.pt\/site\/wp-json\/wp\/v2\/pages\/434\/revisions\/1291"}],"wp:attachment":[{"href":"https:\/\/aemcs.pt\/site\/wp-json\/wp\/v2\/media?parent=434"}],"wp:term":[{"taxonomy":"category","embeddable":true,"href":"https:\/\/aemcs.pt\/site\/wp-json\/wp\/v2\/categories?post=434"},{"taxonomy":"post_tag","embeddable":true,"href":"https:\/\/aemcs.pt\/site\/wp-json\/wp\/v2\/tags?post=434"}],"curies":[{"name":"wp","href":"https:\/\/api.w.org\/{rel}","templated":true}]}}

Reuniões e Comunicação com Encarregados de Educação

<div data-elementor-type="wp-page" data-elementor-id="434" class="elementor elementor-434">
				<div class="elementor-element elementor-element-15aa918 e-flex e-con-boxed e-con e-parent" data-id="15aa918" data-element_type="container" data-e-type="container">
					<div class="e-con-inner">
				<div class="elementor-element elementor-element-b2d73fe elementor-widget elementor-widget-text-editor" data-id="b2d73fe" data-element_type="widget" data-e-type="widget" data-widget_type="text-editor.default">
				<div class="elementor-widget-container">
									<p><strong>ANO LETIVO 2024/2025</strong></p>								</div>
				</div>
					</div>
				</div>
		<div class="elementor-element elementor-element-9b7848f e-flex e-con-boxed e-con e-parent" data-id="9b7848f" data-element_type="container" data-e-type="container">
					<div class="e-con-inner">
				<div class="elementor-element elementor-element-c14d05d elementor-widget elementor-widget-text-editor" data-id="c14d05d" data-element_type="widget" data-e-type="widget" data-widget_type="text-editor.default">
				<div class="elementor-widget-container">
									<p>&#8211; Reuniões de Pais e Encarregados de Educação &#8211; Avaliação do 1.º Semestre<br />  . Pode consultar <a href="https://aemcs.pt/site/wp-content/uploads/2025/02/Grelha-de-marcacao-de-reunioes-EE_fevereiro_25-1.pdf" target="_blank" rel="noopener">aqui</a> o calendário.</p>								</div>
				</div>
					</div>
				</div>
				</div>

<p>ANO LETIVO 2024/2025 &#8211; Reuniões de Pais e Encarregados de Educação &#8211; Avaliação do 1.º Semestre  . Pode consultar aqui o calendário.</p>
