{"id":403,"date":"2024-12-30T17:23:47","date_gmt":"2024-12-30T17:23:47","guid":{"rendered":"https:\/\/aemcs.pt\/site\/?page_id=403"},"modified":"2025-03-24T16:40:45","modified_gmt":"2025-03-24T16:40:45","slug":"cursos-e-atividades-de-enriquecimento-curricular","status":"publish","type":"page","link":"https:\/\/aemcs.pt\/site\/cursos-e-atividades-de-enriquecimento-curricular\/","title":{"rendered":"Cursos e Atividades de Enriquecimento Curricular"},"content":{"rendered":"\t\t<div data-elementor-type=\"wp-page\" data-elementor-id=\"403\" class=\"elementor elementor-403\">\n\t\t\t\t<div class=\"elementor-element elementor-element-c4b57ab e-flex e-con-boxed e-con e-parent\" data-id=\"c4b57ab\" data-element_type=\"container\" data-e-type=\"container\">\n\t\t\t\t\t<div class=\"e-con-inner\">\n\t\t\t\t<div class=\"elementor-element elementor-element-c76bbd2 elementor-widget elementor-widget-text-editor\" data-id=\"c76bbd2\" data-element_type=\"widget\" data-e-type=\"widget\" data-widget_type=\"text-editor.default\">\n\t\t\t\t<div class=\"elementor-widget-container\">\n\t\t\t\t\t\t\t\t\t<p><strong>ANO LETIVO 2024\/2025<\/strong><\/p>\t\t\t\t\t\t\t\t<\/div>\n\t\t\t\t<\/div>\n\t\t\t\t\t<\/div>\n\t\t\t\t<\/div>\n\t\t<div class=\"elementor-element elementor-element-7aa6242 e-flex e-con-boxed e-con e-parent\" data-id=\"7aa6242\" data-element_type=\"container\" data-e-type=\"container\">\n\t\t\t\t\t<div class=\"e-con-inner\">\n\t\t\t\t<div class=\"elementor-element elementor-element-3c2fac4 elementor-widget elementor-widget-text-editor\" data-id=\"3c2fac4\" data-element_type=\"widget\" data-e-type=\"widget\" data-widget_type=\"text-editor.default\">\n\t\t\t\t<div class=\"elementor-widget-container\">\n\t\t\t\t\t\t\t\t\t<p>. Educa\u00e7\u00e3o Pr\u00e9-Escolar<br \/>. Ensino B\u00e1sico:<br \/>\u00a0 \u00a0.1.\u00ba Ciclo<br \/>\u00a0 \u00a0. 2.\u00ba Ciclo<br \/>\u00a0 \u00a0. 3.\u00ba Ciclo<br \/>. CEF<br \/>. AEC<br \/>. CAF<br \/>. AAAF<\/p>\t\t\t\t\t\t\t\t<\/div>\n\t\t\t\t<\/div>\n\t\t\t\t\t<\/div>\n\t\t\t\t<\/div>\n\t\t\t\t<\/div>\n\t\t","protected":false},"excerpt":{"rendered":"<p>ANO LETIVO 2024\/2025 . Educa\u00e7\u00e3o Pr\u00e9-Escolar. Ensino B\u00e1sico:\u00a0 \u00a0.1.\u00ba Ciclo\u00a0 \u00a0. 2.\u00ba Ciclo\u00a0 \u00a0. 3.\u00ba Ciclo. CEF. AEC. CAF. AAAF<\/p>\n","protected":false},"author":1,"featured_media":0,"parent":0,"menu_order":0,"comment_status":"closed","ping_status":"closed","template":"","meta":{"footnotes":""},"categories":[],"tags":[],"class_list":["post-403","page","type-page","status-publish","hentry"],"_links":{"self":[{"href":"https:\/\/aemcs.pt\/site\/wp-json\/wp\/v2\/pages\/403","targetHints":{"allow":["GET"]}}],"collection":[{"href":"https:\/\/aemcs.pt\/site\/wp-json\/wp\/v2\/pages"}],"about":[{"href":"https:\/\/aemcs.pt\/site\/wp-json\/wp\/v2\/types\/page"}],"author":[{"embeddable":true,"href":"https:\/\/aemcs.pt\/site\/wp-json\/wp\/v2\/users\/1"}],"replies":[{"embeddable":true,"href":"https:\/\/aemcs.pt\/site\/wp-json\/wp\/v2\/comments?post=403"}],"version-history":[{"count":17,"href":"https:\/\/aemcs.pt\/site\/wp-json\/wp\/v2\/pages\/403\/revisions"}],"predecessor-version":[{"id":1515,"href":"https:\/\/aemcs.pt\/site\/wp-json\/wp\/v2\/pages\/403\/revisions\/1515"}],"wp:attachment":[{"href":"https:\/\/aemcs.pt\/site\/wp-json\/wp\/v2\/media?parent=403"}],"wp:term":[{"taxonomy":"category","embeddable":true,"href":"https:\/\/aemcs.pt\/site\/wp-json\/wp\/v2\/categories?post=403"},{"taxonomy":"post_tag","embeddable":true,"href":"https:\/\/aemcs.pt\/site\/wp-json\/wp\/v2\/tags?post=403"}],"curies":[{"name":"wp","href":"https:\/\/api.w.org\/{rel}","templated":true}]}}