{"id":383,"date":"2024-12-30T17:19:00","date_gmt":"2024-12-30T17:19:00","guid":{"rendered":"https:\/\/aemcs.pt\/site\/?page_id=383"},"modified":"2025-01-31T17:35:48","modified_gmt":"2025-01-31T17:35:48","slug":"historia-e-identidade-do-agrupamento","status":"publish","type":"page","link":"https:\/\/aemcs.pt\/site\/historia-e-identidade-do-agrupamento\/","title":{"rendered":"Hist\u00f3ria e Identidade do Agrupamento"},"content":{"rendered":"\t\t<div data-elementor-type=\"wp-page\" data-elementor-id=\"383\" class=\"elementor elementor-383\">\n\t\t\t\t<div class=\"elementor-element elementor-element-ee61946 e-flex e-con-boxed e-con e-parent\" data-id=\"ee61946\" data-element_type=\"container\" data-e-type=\"container\">\n\t\t\t\t\t<div class=\"e-con-inner\">\n\t\t<div class=\"elementor-element elementor-element-2813540 e-con-full e-flex e-con e-child\" data-id=\"2813540\" data-element_type=\"container\" data-e-type=\"container\">\n\t\t\t\t<div class=\"elementor-element elementor-element-aee522e elementor-widget elementor-widget-image\" data-id=\"aee522e\" data-element_type=\"widget\" data-e-type=\"widget\" data-widget_type=\"image.default\">\n\t\t\t\t<div class=\"elementor-widget-container\">\n\t\t\t\t\t\t\t\t\t\t\t\t\t\t\t<img fetchpriority=\"high\" decoding=\"async\" width=\"640\" height=\"797\" src=\"https:\/\/aemcs.pt\/site\/wp-content\/uploads\/2025\/01\/20250103_152952-822x1024.jpg\" class=\"attachment-large size-large wp-image-844\" alt=\"\" srcset=\"https:\/\/aemcs.pt\/site\/wp-content\/uploads\/2025\/01\/20250103_152952-822x1024.jpg 822w, https:\/\/aemcs.pt\/site\/wp-content\/uploads\/2025\/01\/20250103_152952-241x300.jpg 241w, https:\/\/aemcs.pt\/site\/wp-content\/uploads\/2025\/01\/20250103_152952-768x956.jpg 768w, https:\/\/aemcs.pt\/site\/wp-content\/uploads\/2025\/01\/20250103_152952-1234x1536.jpg 1234w, https:\/\/aemcs.pt\/site\/wp-content\/uploads\/2025\/01\/20250103_152952-1645x2048.jpg 1645w, https:\/\/aemcs.pt\/site\/wp-content\/uploads\/2025\/01\/20250103_152952.jpg 1717w\" sizes=\"(max-width: 640px) 100vw, 640px\" \/>\t\t\t\t\t\t\t\t\t\t\t\t\t\t\t<\/div>\n\t\t\t\t<\/div>\n\t\t\t\t<\/div>\n\t\t<div class=\"elementor-element elementor-element-c49bf40 e-con-full e-flex e-con e-child\" data-id=\"c49bf40\" data-element_type=\"container\" data-e-type=\"container\">\n\t\t\t\t<\/div>\n\t\t<div class=\"elementor-element elementor-element-c5c39e5 e-con-full e-flex e-con e-child\" data-id=\"c5c39e5\" data-element_type=\"container\" data-e-type=\"container\">\n\t\t\t\t<\/div>\n\t\t\t\t\t<\/div>\n\t\t\t\t<\/div>\n\t\t<div class=\"elementor-element elementor-element-cde59e3 e-flex e-con-boxed e-con e-parent\" data-id=\"cde59e3\" data-element_type=\"container\" data-e-type=\"container\">\n\t\t\t\t\t<div class=\"e-con-inner\">\n\t\t\t\t<div class=\"elementor-element elementor-element-fafbd80 elementor-widget elementor-widget-text-editor\" data-id=\"fafbd80\" data-element_type=\"widget\" data-e-type=\"widget\" data-widget_type=\"text-editor.default\">\n\t\t\t\t<div class=\"elementor-widget-container\">\n\t\t\t\t\t\t\t\t\t<p><strong>A Escola B\u00e1sica Maria do Carmo Serrote\u00a0<\/strong><br \/>(Antiga Escola B\u00e1sica Integrada da Quinta do Conde)<\/p><p>Estando situada no distrito de Set\u00fabal, concelho de Sesimbra e freguesia da Quinta do Conde, encontra-se constru\u00edda numa zona habitacional constitu\u00edda por moradias e pr\u00e9dios de n\u00e3o mais de tr\u00eas andares e rodeada por uma zona verde constitu\u00edda de pinheiros.<\/p><p>Esta escola \u00e9 uma das mais modernas escolas do concelho de Sesimbra e fez parte de um projeto-piloto do Minist\u00e9rio da Educa\u00e7\u00e3o no sentido de juntar num s\u00f3 edif\u00edcio, crian\u00e7as desde os tr\u00eas aos dezasseis anos de idade.<\/p><p>Em funcionamento desde 1994, ao abrigo do despacho normativo 19\/SERE\/SEAM\/90, a EBMCS integra crian\u00e7as desde o pr\u00e9-escolar ao 9\u00ba ano de escolaridade, existindo um trabalho articulado entre os v\u00e1rios ciclos de ensino.<\/p><p>A escola \u00e9 constitu\u00edda por um edif\u00edcio \u00fanico de dois andares (r\/c e 1\u00ba piso); quatro blocos no r\/c \u2013 bloco A, bloco B, bloco C e bloco D e tr\u00eas no 1\u00ba piso \u2013 bloco A, bloco B e bloco C. \u00c9 um edif\u00edcio de pequena altura, pois tem menos de 9 metros de altura e n\u00e3o disp\u00f5e de caves.<\/p><p>\u00c0 entrada da escola encontra-se a portaria. A entrada principal do edif\u00edcio \u00e9 feita pelo bloco B.<\/p><p>Bloco A<\/p><p>No r\/c do bloco A existe o bufete, sala do CAA do 1.\u00ba ciclo, a papelaria, o refeit\u00f3rio, a cozinha, um WC para alunos e alunas e uma arrecada\u00e7\u00e3o.<\/p><p>No 1\u00ba piso do mesmo bloco encontram-se nove salas de aula, tr\u00eas destinadas ao pr\u00e9-escolar e seis destinadas ao 1\u00ba ciclo (A1, A2, A3, A4, A5 e A6). Neste bloco encontram-se ainda uma sala de menor dimens\u00e3o (que funciona como sala de apoios) e uma Sala Tech. H\u00e1 tamb\u00e9m dois WC, um destinado aos alunos (meninos e meninas) e outro adaptado a alunos com defici\u00eancia motora. Existe ainda uma arrecada\u00e7\u00e3o com acesso ao s\u00f3t\u00e3o.<\/p><p>Bloco B<\/p><p>No r\/c do bloco B funciona o PBX, a secretaria e a BE\/CRE. Podemos ainda encontrar tr\u00eas salas destinadas ao Conselho Diretivo, a sala dos auxiliares de a\u00e7\u00e3o educativa, com duas casas de banho para funcion\u00e1rios e funcion\u00e1rias, duas pequenas arrecada\u00e7\u00f5es e uma sala para o apoio tecnol\u00f3gico. Exterior ao bloco, existe um pavilh\u00e3o pr\u00e9-fabricado que \u00e9 utilizado como sala de aulas. Podemos encontrar ainda neste piso a sala de primeiros socorros. \u00c9 neste bloco que funcionam as casas de banho destinadas aos professores.<\/p><p>No 1\u00ba piso h\u00e1 cinco salas de aula B1, B2, B3, B6 e B7. Podemos encontrar ainda neste bloco a sala de Professores, a sala de Educa\u00e7\u00e3o Musical, uma sala Tecnol\u00f3gica, uma sala que serve de gabinete aos Departamentos de Artes e Educa\u00e7\u00e3o Especial, uma sala que serve de gabinete ao Departamento de L\u00ednguas e Ci\u00eancias Humanas e Sociais, a sala de Diretores de Turma e duas arrecada\u00e7\u00f5es.<\/p><p>Bloco C<\/p><p>No r\/c do bloco C existem oito salas de aula e a sala do CAA do 2.\u00ba e do 3.\u00ba Ciclo. Neste mesmo piso, existem tr\u00eas casas de banho destinadas aos alunos, uma das quais adaptada para deficientes motores. No 1.\u00ba piso, funcionam duas salas de aula, a sala de Ci\u00eancias Naturais, duas salas destinadas \u00e0 disciplina de EV e a sala do Clube de Ci\u00eancia Viva. Existem ainda dois laborat\u00f3rios de F\u00edsico-Qu\u00edmica e uma arrecada\u00e7\u00e3o.<span style=\"font-size: 12px; color: var( --e-global-color-primary ); text-transform: var( --e-global-typography-text-text-transform );\"> \u00a0<\/span><\/p><p>Bloco D<\/p><p>No bloco D funciona o gin\u00e1sio. Comp\u00f5em ainda este bloco uma sala destinada aos professores de Educa\u00e7\u00e3o F\u00edsica, apetrechada de WC e balne\u00e1rio. Existem tamb\u00e9m dois balne\u00e1rios destinados, um \u00e0s alunas e outro aos alunos. O bloco disp\u00f5e tamb\u00e9m de uma pequena arrecada\u00e7\u00e3o.<\/p><p>O recreio da escola envolve todo o exterior do edif\u00edcio. Nas traseiras, do lado direito da escola, existem campos de jogos destinados \u00e0 pr\u00e1tica de andebol, futebol e basquetebol. Do lado esquerdo existe um espa\u00e7o destinado \u00e0s crian\u00e7as do pr\u00e9-escolar e do 1\u00ba ciclo com um pequeno parque infantil. O resto do espa\u00e7o envolvente \u00e9 livre, existindo algumas \u00e1rvores e plantas ao longo do gradeamento.<\/p>\t\t\t\t\t\t\t\t<\/div>\n\t\t\t\t<\/div>\n\t\t\t\t\t<\/div>\n\t\t\t\t<\/div>\n\t\t<div class=\"elementor-element elementor-element-d2eb43f e-flex e-con-boxed e-con e-parent\" data-id=\"d2eb43f\" data-element_type=\"container\" data-e-type=\"container\">\n\t\t\t\t\t<div class=\"e-con-inner\">\n\t\t<div class=\"elementor-element elementor-element-a360179 e-con-full e-flex e-con e-child\" data-id=\"a360179\" data-element_type=\"container\" data-e-type=\"container\">\n\t\t\t\t<div class=\"elementor-element elementor-element-eac4237 elementor-widget__width-initial elementor-widget elementor-widget-image\" data-id=\"eac4237\" data-element_type=\"widget\" data-e-type=\"widget\" data-widget_type=\"image.default\">\n\t\t\t\t<div class=\"elementor-widget-container\">\n\t\t\t\t\t\t\t\t\t\t\t\t\t\t\t<img decoding=\"async\" width=\"640\" height=\"480\" src=\"https:\/\/aemcs.pt\/site\/wp-content\/uploads\/2025\/01\/20250103_153352-1-1024x768.jpg\" class=\"attachment-large size-large wp-image-843\" alt=\"\" srcset=\"https:\/\/aemcs.pt\/site\/wp-content\/uploads\/2025\/01\/20250103_153352-1-1024x768.jpg 1024w, https:\/\/aemcs.pt\/site\/wp-content\/uploads\/2025\/01\/20250103_153352-1-300x225.jpg 300w, https:\/\/aemcs.pt\/site\/wp-content\/uploads\/2025\/01\/20250103_153352-1-768x576.jpg 768w, https:\/\/aemcs.pt\/site\/wp-content\/uploads\/2025\/01\/20250103_153352-1-1536x1152.jpg 1536w, https:\/\/aemcs.pt\/site\/wp-content\/uploads\/2025\/01\/20250103_153352-1-2048x1536.jpg 2048w, https:\/\/aemcs.pt\/site\/wp-content\/uploads\/2025\/01\/20250103_153352-1-136x102.jpg 136w\" sizes=\"(max-width: 640px) 100vw, 640px\" \/>\t\t\t\t\t\t\t\t\t\t\t\t\t\t\t<\/div>\n\t\t\t\t<\/div>\n\t\t\t\t<\/div>\n\t\t<div class=\"elementor-element elementor-element-06e3f2e e-con-full e-flex e-con e-child\" data-id=\"06e3f2e\" data-element_type=\"container\" data-e-type=\"container\">\n\t\t\t\t<\/div>\n\t\t<div class=\"elementor-element elementor-element-765a0ba e-con-full e-flex e-con e-child\" data-id=\"765a0ba\" data-element_type=\"container\" data-e-type=\"container\">\n\t\t\t\t<\/div>\n\t\t\t\t\t<\/div>\n\t\t\t\t<\/div>\n\t\t<div class=\"elementor-element elementor-element-aff65ef e-flex e-con-boxed e-con e-parent\" data-id=\"aff65ef\" data-element_type=\"container\" data-e-type=\"container\">\n\t\t\t\t\t<div class=\"e-con-inner\">\n\t\t\t\t<div class=\"elementor-element elementor-element-b65a472 elementor-widget elementor-widget-text-editor\" data-id=\"b65a472\" data-element_type=\"widget\" data-e-type=\"widget\" data-widget_type=\"text-editor.default\">\n\t\t\t\t<div class=\"elementor-widget-container\">\n\t\t\t\t\t\t\t\t\t<p><strong>EB1\/JI do Casal do Sapo<\/strong><\/p><p>A EB1\/JI do Casal do Sapo\/Fontainhas fica situada num meio rural, numa zona de pinhais, onde existem algumas habita\u00e7\u00f5es clandestinas e isoladas em simult\u00e2neo com moradias amplas.\u00a0<\/p><p>A EB1\/JI Casal do Sapo\/Fontainhas est\u00e1 inserida num recinto espa\u00e7oso, situada junto a uma zona de pinhal, com um pequeno parque infantil e campo de jogos com pavimento em terra. Possui tamb\u00e9m uma pequena horta pedag\u00f3gica situada junto \u00e0 veda\u00e7\u00e3o lateral perto da entrada da escola. Esta horta \u00e9 dinamizada ao longo do ano letivo pelos professores, alunos e assistentes operacionais.<\/p><p>A escola \u00e9 composta por tr\u00eas blocos de edif\u00edcios pr\u00e9-fabricados e um refeit\u00f3rio. No bloco mais antigo, com duas salas e casas de banho, beneficiou de obras de melhoramento ap\u00f3s o temporal de 2011.\u00a0<\/p><p>O segundo bloco \u00e9 composto por duas salas e casas de banho, onde funcionam as duas turmas de Pr\u00e9-escolar.<\/p><p>O terceiro bloco \u00e9 o mais recente, entrou em funcionamento no ano letivo 2007\/2008. Feito de madeira tratada, possui duas salas de aula, onde funcionam quatro turmas de 1.\u00ba ciclo. Tem ainda casa de banho para meninos, para meninas e uma adaptada a pessoas com defici\u00eancia.<\/p><p>Entre o 2\u00ba e o 3\u00ba bloco foi deixado um espa\u00e7o livre, espa\u00e7o multiusos tamb\u00e9m utilizado pela CAF.<\/p><p>A escola possui um refeit\u00f3rio, tamb\u00e9m pr\u00e9-fabricado, onde as refei\u00e7\u00f5es s\u00e3o atualmente servidas em servi\u00e7o de catering.<\/p>\t\t\t\t\t\t\t\t<\/div>\n\t\t\t\t<\/div>\n\t\t\t\t\t<\/div>\n\t\t\t\t<\/div>\n\t\t<div class=\"elementor-element elementor-element-5669b3a e-flex e-con-boxed e-con e-parent\" data-id=\"5669b3a\" data-element_type=\"container\" data-e-type=\"container\">\n\t\t\t\t\t<div class=\"e-con-inner\">\n\t\t<div class=\"elementor-element elementor-element-1a041c1 e-con-full e-flex e-con e-child\" data-id=\"1a041c1\" data-element_type=\"container\" data-e-type=\"container\">\n\t\t\t\t<div class=\"elementor-element elementor-element-10a252b elementor-widget__width-initial elementor-widget elementor-widget-image\" data-id=\"10a252b\" data-element_type=\"widget\" data-e-type=\"widget\" data-widget_type=\"image.default\">\n\t\t\t\t<div class=\"elementor-widget-container\">\n\t\t\t\t\t\t\t\t\t\t\t\t\t\t\t<img decoding=\"async\" width=\"640\" height=\"480\" src=\"https:\/\/aemcs.pt\/site\/wp-content\/uploads\/2025\/01\/casal-do-sapo-1024x768.jpg\" class=\"attachment-large size-large wp-image-852\" alt=\"\" srcset=\"https:\/\/aemcs.pt\/site\/wp-content\/uploads\/2025\/01\/casal-do-sapo-1024x768.jpg 1024w, https:\/\/aemcs.pt\/site\/wp-content\/uploads\/2025\/01\/casal-do-sapo-300x225.jpg 300w, https:\/\/aemcs.pt\/site\/wp-content\/uploads\/2025\/01\/casal-do-sapo-768x576.jpg 768w, https:\/\/aemcs.pt\/site\/wp-content\/uploads\/2025\/01\/casal-do-sapo-1536x1152.jpg 1536w, https:\/\/aemcs.pt\/site\/wp-content\/uploads\/2025\/01\/casal-do-sapo-136x102.jpg 136w, https:\/\/aemcs.pt\/site\/wp-content\/uploads\/2025\/01\/casal-do-sapo.jpg 2048w\" sizes=\"(max-width: 640px) 100vw, 640px\" \/>\t\t\t\t\t\t\t\t\t\t\t\t\t\t\t<\/div>\n\t\t\t\t<\/div>\n\t\t\t\t<\/div>\n\t\t<div class=\"elementor-element elementor-element-27aac4f e-con-full e-flex e-con e-child\" data-id=\"27aac4f\" data-element_type=\"container\" data-e-type=\"container\">\n\t\t\t\t<\/div>\n\t\t<div class=\"elementor-element elementor-element-05dc86b e-con-full e-flex e-con e-child\" data-id=\"05dc86b\" data-element_type=\"container\" data-e-type=\"container\">\n\t\t\t\t<\/div>\n\t\t\t\t\t<\/div>\n\t\t\t\t<\/div>\n\t\t<div class=\"elementor-element elementor-element-6af98eb e-flex e-con-boxed e-con e-parent\" data-id=\"6af98eb\" data-element_type=\"container\" data-e-type=\"container\">\n\t\t\t\t\t<div class=\"e-con-inner\">\n\t\t\t\t<div class=\"elementor-element elementor-element-970318b elementor-widget elementor-widget-text-editor\" data-id=\"970318b\" data-element_type=\"widget\" data-e-type=\"widget\" data-widget_type=\"text-editor.default\">\n\t\t\t\t<div class=\"elementor-widget-container\">\n\t\t\t\t\t\t\t\t\t<p><strong>EB1\/JI do Polo do Conde 2<\/strong><\/p><p>A EB1\/JI do Polo do Conde 2 foi simbolicamente inaugurada em julho de 2021 e est\u00e1 localizada na Cova dos Vidros.<\/p><p>A escola \u00e9 composta por oito salas de aula, seis para o 1.\u00ba ciclo e duas para o pr\u00e9-escolar, todas elas com liga\u00e7\u00e3o direta ao recreio.<\/p><p>Tem uma biblioteca, um refeit\u00f3rio, uma sala polivalente e uma sala de professores.<\/p>\t\t\t\t\t\t\t\t<\/div>\n\t\t\t\t<\/div>\n\t\t\t\t\t<\/div>\n\t\t\t\t<\/div>\n\t\t<div class=\"elementor-element elementor-element-884f7dd e-flex e-con-boxed e-con e-parent\" data-id=\"884f7dd\" data-element_type=\"container\" data-e-type=\"container\">\n\t\t\t\t\t<div class=\"e-con-inner\">\n\t\t<div class=\"elementor-element elementor-element-27939ab e-con-full e-flex e-con e-child\" data-id=\"27939ab\" data-element_type=\"container\" data-e-type=\"container\">\n\t\t\t\t<div class=\"elementor-element elementor-element-7ba05da elementor-widget__width-initial elementor-widget elementor-widget-image\" data-id=\"7ba05da\" data-element_type=\"widget\" data-e-type=\"widget\" data-widget_type=\"image.default\">\n\t\t\t\t<div class=\"elementor-widget-container\">\n\t\t\t\t\t\t\t\t\t\t\t\t\t\t\t<img loading=\"lazy\" decoding=\"async\" width=\"640\" height=\"356\" src=\"https:\/\/aemcs.pt\/site\/wp-content\/uploads\/2025\/01\/escola_quinta_do_conde_900_500_1_900_600.jpg\" class=\"attachment-large size-large wp-image-857\" alt=\"\" srcset=\"https:\/\/aemcs.pt\/site\/wp-content\/uploads\/2025\/01\/escola_quinta_do_conde_900_500_1_900_600.jpg 900w, https:\/\/aemcs.pt\/site\/wp-content\/uploads\/2025\/01\/escola_quinta_do_conde_900_500_1_900_600-300x167.jpg 300w, https:\/\/aemcs.pt\/site\/wp-content\/uploads\/2025\/01\/escola_quinta_do_conde_900_500_1_900_600-768x427.jpg 768w\" sizes=\"(max-width: 640px) 100vw, 640px\" \/>\t\t\t\t\t\t\t\t\t\t\t\t\t\t\t<\/div>\n\t\t\t\t<\/div>\n\t\t\t\t<\/div>\n\t\t<div class=\"elementor-element elementor-element-d3ee351 e-con-full e-flex e-con e-child\" data-id=\"d3ee351\" data-element_type=\"container\" data-e-type=\"container\">\n\t\t\t\t<\/div>\n\t\t<div class=\"elementor-element elementor-element-aa01a20 e-con-full e-flex e-con e-child\" data-id=\"aa01a20\" data-element_type=\"container\" data-e-type=\"container\">\n\t\t\t\t<\/div>\n\t\t\t\t\t<\/div>\n\t\t\t\t<\/div>\n\t\t\t\t<\/div>\n\t\t","protected":false},"excerpt":{"rendered":"<p>A Escola B\u00e1sica Maria do Carmo Serrote\u00a0(Antiga Escola B\u00e1sica Integrada da Quinta do Conde) Estando situada no distrito de Set\u00fabal, concelho de Sesimbra e freguesia da Quinta do Conde, encontra-se constru\u00edda numa zona habitacional constitu\u00edda por moradias e pr\u00e9dios de n\u00e3o mais de tr\u00eas andares e rodeada por uma zona verde constitu\u00edda de pinheiros. Esta [&hellip;]<\/p>\n","protected":false},"author":1,"featured_media":0,"parent":0,"menu_order":0,"comment_status":"closed","ping_status":"closed","template":"","meta":{"footnotes":""},"categories":[],"tags":[],"class_list":["post-383","page","type-page","status-publish","hentry"],"_links":{"self":[{"href":"https:\/\/aemcs.pt\/site\/wp-json\/wp\/v2\/pages\/383","targetHints":{"allow":["GET"]}}],"collection":[{"href":"https:\/\/aemcs.pt\/site\/wp-json\/wp\/v2\/pages"}],"about":[{"href":"https:\/\/aemcs.pt\/site\/wp-json\/wp\/v2\/types\/page"}],"author":[{"embeddable":true,"href":"https:\/\/aemcs.pt\/site\/wp-json\/wp\/v2\/users\/1"}],"replies":[{"embeddable":true,"href":"https:\/\/aemcs.pt\/site\/wp-json\/wp\/v2\/comments?post=383"}],"version-history":[{"count":23,"href":"https:\/\/aemcs.pt\/site\/wp-json\/wp\/v2\/pages\/383\/revisions"}],"predecessor-version":[{"id":1193,"href":"https:\/\/aemcs.pt\/site\/wp-json\/wp\/v2\/pages\/383\/revisions\/1193"}],"wp:attachment":[{"href":"https:\/\/aemcs.pt\/site\/wp-json\/wp\/v2\/media?parent=383"}],"wp:term":[{"taxonomy":"category","embeddable":true,"href":"https:\/\/aemcs.pt\/site\/wp-json\/wp\/v2\/categories?post=383"},{"taxonomy":"post_tag","embeddable":true,"href":"https:\/\/aemcs.pt\/site\/wp-json\/wp\/v2\/tags?post=383"}],"curies":[{"name":"wp","href":"https:\/\/api.w.org\/{rel}","templated":true}]}}