{"id":2559,"date":"2026-01-26T13:42:47","date_gmt":"2026-01-26T13:42:47","guid":{"rendered":"https:\/\/aemcs.pt\/site\/?page_id=2559"},"modified":"2026-01-26T18:44:20","modified_gmt":"2026-01-26T18:44:20","slug":"criterios-de-avaliacao","status":"publish","type":"page","link":"https:\/\/aemcs.pt\/site\/criterios-de-avaliacao\/","title":{"rendered":"Crit\u00e9rios de Avalia\u00e7\u00e3o"},"content":{"rendered":"\t\t<div data-elementor-type=\"wp-page\" data-elementor-id=\"2559\" class=\"elementor elementor-2559\">\n\t\t\t\t<div class=\"elementor-element elementor-element-f171ca7 e-flex e-con-boxed e-con e-parent\" data-id=\"f171ca7\" data-element_type=\"container\" data-e-type=\"container\">\n\t\t\t\t\t<div class=\"e-con-inner\">\n\t\t<div class=\"elementor-element elementor-element-375f9a6 e-con-full e-flex e-con e-child\" data-id=\"375f9a6\" data-element_type=\"container\" data-e-type=\"container\">\n\t\t\t\t<div class=\"elementor-element elementor-element-8964046 elementor-widget elementor-widget-image\" data-id=\"8964046\" data-element_type=\"widget\" data-e-type=\"widget\" data-widget_type=\"image.default\">\n\t\t\t\t<div class=\"elementor-widget-container\">\n\t\t\t\t\t\t\t\t\t\t\t\t<figure class=\"wp-caption\">\n\t\t\t\t\t\t\t\t\t\t\t<a href=\"https:\/\/aemcs.pt\/site\/wp-content\/uploads\/2026\/01\/Pre-Escolar.pdf\" target=\"_blank\">\n\t\t\t\t\t\t\t<img decoding=\"async\" width=\"136\" height=\"102\" src=\"https:\/\/aemcs.pt\/site\/wp-content\/uploads\/2026\/01\/folderblue_92960-136x102.png\" class=\"attachment-news-portal-block-thumb size-news-portal-block-thumb wp-image-2477\" alt=\"\" \/>\t\t\t\t\t\t\t\t<\/a>\n\t\t\t\t\t\t\t\t\t\t\t<figcaption class=\"widget-image-caption wp-caption-text\">Dep. da Educa\u00e7\u00e3o Pr\u00e9-Escolar<\/figcaption>\n\t\t\t\t\t\t\t\t\t\t<\/figure>\n\t\t\t\t\t\t\t\t\t<\/div>\n\t\t\t\t<\/div>\n\t\t\t\t<div class=\"elementor-element elementor-element-c036418 elementor-widget elementor-widget-image\" data-id=\"c036418\" data-element_type=\"widget\" data-e-type=\"widget\" data-widget_type=\"image.default\">\n\t\t\t\t<div class=\"elementor-widget-container\">\n\t\t\t\t\t\t\t\t\t\t\t\t<figure class=\"wp-caption\">\n\t\t\t\t\t\t\t\t\t\t<img decoding=\"async\" width=\"136\" height=\"102\" src=\"https:\/\/aemcs.pt\/site\/wp-content\/uploads\/2026\/01\/folderblue_92960-136x102.png\" class=\"attachment-news-portal-block-thumb size-news-portal-block-thumb wp-image-2477\" alt=\"\" \/>\t\t\t\t\t\t\t\t\t\t\t<figcaption class=\"widget-image-caption wp-caption-text\">Dep. de Ci\u00eancias Sociais e Humanas<\/figcaption>\n\t\t\t\t\t\t\t\t\t\t<\/figure>\n\t\t\t\t\t\t\t\t\t<\/div>\n\t\t\t\t<\/div>\n\t\t\t\t<div class=\"elementor-element elementor-element-1962225 elementor-widget elementor-widget-image\" data-id=\"1962225\" data-element_type=\"widget\" data-e-type=\"widget\" data-widget_type=\"image.default\">\n\t\t\t\t<div class=\"elementor-widget-container\">\n\t\t\t\t\t\t\t\t\t\t\t\t<figure class=\"wp-caption\">\n\t\t\t\t\t\t\t\t\t\t\t<a href=\"https:\/\/aemcs.pt\/site\/?page_id=2709&#038;preview_id=2709&#038;preview_nonce=04da37b7b7&#038;preview=true\" target=\"_blank\">\n\t\t\t\t\t\t\t<img decoding=\"async\" width=\"136\" height=\"102\" src=\"https:\/\/aemcs.pt\/site\/wp-content\/uploads\/2026\/01\/folderblue_92960-136x102.png\" class=\"attachment-news-portal-block-thumb size-news-portal-block-thumb wp-image-2477\" alt=\"\" \/>\t\t\t\t\t\t\t\t<\/a>\n\t\t\t\t\t\t\t\t\t\t\t<figcaption class=\"widget-image-caption wp-caption-text\">Dep. de Artes e Tecnologias<\/figcaption>\n\t\t\t\t\t\t\t\t\t\t<\/figure>\n\t\t\t\t\t\t\t\t\t<\/div>\n\t\t\t\t<\/div>\n\t\t\t\t<\/div>\n\t\t<div class=\"elementor-element elementor-element-fbc9a27 e-con-full e-flex e-con e-child\" data-id=\"fbc9a27\" data-element_type=\"container\" data-e-type=\"container\">\n\t\t\t\t<div class=\"elementor-element elementor-element-c0815b3 elementor-widget elementor-widget-image\" data-id=\"c0815b3\" data-element_type=\"widget\" data-e-type=\"widget\" data-widget_type=\"image.default\">\n\t\t\t\t<div class=\"elementor-widget-container\">\n\t\t\t\t\t\t\t\t\t\t\t\t<figure class=\"wp-caption\">\n\t\t\t\t\t\t\t\t\t\t\t<a href=\"https:\/\/aemcs.pt\/site\/wp-content\/uploads\/2026\/01\/1.o-Ciclo.pdf\" target=\"_blank\">\n\t\t\t\t\t\t\t<img decoding=\"async\" width=\"136\" height=\"102\" src=\"https:\/\/aemcs.pt\/site\/wp-content\/uploads\/2026\/01\/folderblue_92960-136x102.png\" class=\"attachment-news-portal-block-thumb size-news-portal-block-thumb wp-image-2477\" alt=\"\" \/>\t\t\t\t\t\t\t\t<\/a>\n\t\t\t\t\t\t\t\t\t\t\t<figcaption class=\"widget-image-caption wp-caption-text\">Dep. do 1.\u00ba Ciclo<\/figcaption>\n\t\t\t\t\t\t\t\t\t\t<\/figure>\n\t\t\t\t\t\t\t\t\t<\/div>\n\t\t\t\t<\/div>\n\t\t\t\t<div class=\"elementor-element elementor-element-a98bcea elementor-widget elementor-widget-image\" data-id=\"a98bcea\" data-element_type=\"widget\" data-e-type=\"widget\" data-widget_type=\"image.default\">\n\t\t\t\t<div class=\"elementor-widget-container\">\n\t\t\t\t\t\t\t\t\t\t\t\t<figure class=\"wp-caption\">\n\t\t\t\t\t\t\t\t\t\t<img decoding=\"async\" width=\"136\" height=\"102\" src=\"https:\/\/aemcs.pt\/site\/wp-content\/uploads\/2026\/01\/folderblue_92960-136x102.png\" class=\"attachment-news-portal-block-thumb size-news-portal-block-thumb wp-image-2477\" alt=\"\" \/>\t\t\t\t\t\t\t\t\t\t\t<figcaption class=\"widget-image-caption wp-caption-text\">Dep. de Matem\u00e1tica e Ci\u00eancias<\/figcaption>\n\t\t\t\t\t\t\t\t\t\t<\/figure>\n\t\t\t\t\t\t\t\t\t<\/div>\n\t\t\t\t<\/div>\n\t\t\t\t<\/div>\n\t\t<div class=\"elementor-element elementor-element-e02df45 e-con-full e-flex e-con e-child\" data-id=\"e02df45\" data-element_type=\"container\" data-e-type=\"container\">\n\t\t\t\t<div class=\"elementor-element elementor-element-d46bce4 elementor-widget elementor-widget-image\" data-id=\"d46bce4\" data-element_type=\"widget\" data-e-type=\"widget\" data-widget_type=\"image.default\">\n\t\t\t\t<div class=\"elementor-widget-container\">\n\t\t\t\t\t\t\t\t\t\t\t\t<figure class=\"wp-caption\">\n\t\t\t\t\t\t\t\t\t\t<img decoding=\"async\" width=\"136\" height=\"102\" src=\"https:\/\/aemcs.pt\/site\/wp-content\/uploads\/2026\/01\/folderblue_92960-136x102.png\" class=\"attachment-news-portal-block-thumb size-news-portal-block-thumb wp-image-2477\" alt=\"\" \/>\t\t\t\t\t\t\t\t\t\t\t<figcaption class=\"widget-image-caption wp-caption-text\">Dep. de L\u00ednguas<\/figcaption>\n\t\t\t\t\t\t\t\t\t\t<\/figure>\n\t\t\t\t\t\t\t\t\t<\/div>\n\t\t\t\t<\/div>\n\t\t\t\t<div class=\"elementor-element elementor-element-c01687f elementor-widget elementor-widget-image\" data-id=\"c01687f\" data-element_type=\"widget\" data-e-type=\"widget\" data-widget_type=\"image.default\">\n\t\t\t\t<div class=\"elementor-widget-container\">\n\t\t\t\t\t\t\t\t\t\t\t\t<figure class=\"wp-caption\">\n\t\t\t\t\t\t\t\t\t\t\t<a href=\"https:\/\/aemcs.pt\/site\/departamento-de-expressoes\/?preview_id=2690&#038;preview_nonce=54a85d1c6d&#038;preview=true\" target=\"_blank\">\n\t\t\t\t\t\t\t<img decoding=\"async\" width=\"136\" height=\"102\" src=\"https:\/\/aemcs.pt\/site\/wp-content\/uploads\/2026\/01\/folderblue_92960-136x102.png\" class=\"attachment-news-portal-block-thumb size-news-portal-block-thumb wp-image-2477\" alt=\"\" \/>\t\t\t\t\t\t\t\t<\/a>\n\t\t\t\t\t\t\t\t\t\t\t<figcaption class=\"widget-image-caption wp-caption-text\">Dep. de Express\u00f5es<\/figcaption>\n\t\t\t\t\t\t\t\t\t\t<\/figure>\n\t\t\t\t\t\t\t\t\t<\/div>\n\t\t\t\t<\/div>\n\t\t\t\t<\/div>\n\t\t<div class=\"elementor-element elementor-element-1bab640 e-con-full e-flex e-con e-child\" data-id=\"1bab640\" data-element_type=\"container\" data-e-type=\"container\">\n\t\t\t\t<\/div>\n\t\t<div class=\"elementor-element elementor-element-12b073d e-con-full e-flex e-con e-child\" data-id=\"12b073d\" data-element_type=\"container\" data-e-type=\"container\">\n\t\t\t\t<\/div>\n\t\t<div class=\"elementor-element elementor-element-3004aa7 e-con-full e-flex e-con e-child\" data-id=\"3004aa7\" data-element_type=\"container\" data-e-type=\"container\">\n\t\t\t\t<\/div>\n\t\t\t\t\t<\/div>\n\t\t\t\t<\/div>\n\t\t\t\t<\/div>\n\t\t","protected":false},"excerpt":{"rendered":"<p>Dep. da Educa\u00e7\u00e3o Pr\u00e9-Escolar Dep. de Ci\u00eancias Sociais e Humanas Dep. de Artes e Tecnologias Dep. do 1.\u00ba Ciclo Dep. de Matem\u00e1tica e Ci\u00eancias Dep. de L\u00ednguas Dep. de Express\u00f5es<\/p>\n","protected":false},"author":1,"featured_media":0,"parent":0,"menu_order":0,"comment_status":"closed","ping_status":"closed","template":"","meta":{"footnotes":""},"categories":[],"tags":[],"class_list":["post-2559","page","type-page","status-publish","hentry"],"_links":{"self":[{"href":"https:\/\/aemcs.pt\/site\/wp-json\/wp\/v2\/pages\/2559","targetHints":{"allow":["GET"]}}],"collection":[{"href":"https:\/\/aemcs.pt\/site\/wp-json\/wp\/v2\/pages"}],"about":[{"href":"https:\/\/aemcs.pt\/site\/wp-json\/wp\/v2\/types\/page"}],"author":[{"embeddable":true,"href":"https:\/\/aemcs.pt\/site\/wp-json\/wp\/v2\/users\/1"}],"replies":[{"embeddable":true,"href":"https:\/\/aemcs.pt\/site\/wp-json\/wp\/v2\/comments?post=2559"}],"version-history":[{"count":16,"href":"https:\/\/aemcs.pt\/site\/wp-json\/wp\/v2\/pages\/2559\/revisions"}],"predecessor-version":[{"id":2735,"href":"https:\/\/aemcs.pt\/site\/wp-json\/wp\/v2\/pages\/2559\/revisions\/2735"}],"wp:attachment":[{"href":"https:\/\/aemcs.pt\/site\/wp-json\/wp\/v2\/media?parent=2559"}],"wp:term":[{"taxonomy":"category","embeddable":true,"href":"https:\/\/aemcs.pt\/site\/wp-json\/wp\/v2\/categories?post=2559"},{"taxonomy":"post_tag","embeddable":true,"href":"https:\/\/aemcs.pt\/site\/wp-json\/wp\/v2\/tags?post=2559"}],"curies":[{"name":"wp","href":"https:\/\/api.w.org\/{rel}","templated":true}]}}