{"id":2467,"date":"2026-01-21T18:33:25","date_gmt":"2026-01-21T18:33:25","guid":{"rendered":"https:\/\/aemcs.pt\/site\/?page_id=2467"},"modified":"2026-01-21T18:35:19","modified_gmt":"2026-01-21T18:35:19","slug":"departamentos-curriculares","status":"publish","type":"page","link":"https:\/\/aemcs.pt\/site\/departamentos-curriculares\/","title":{"rendered":"Departamentos Curriculares"},"content":{"rendered":"\t\t<div data-elementor-type=\"wp-page\" data-elementor-id=\"2467\" class=\"elementor elementor-2467\">\n\t\t\t\t<div class=\"elementor-element elementor-element-b31dfb2 e-flex e-con-boxed e-con e-parent\" data-id=\"b31dfb2\" data-element_type=\"container\" data-e-type=\"container\">\n\t\t\t\t\t<div class=\"e-con-inner\">\n\t\t\t\t<div class=\"elementor-element elementor-element-3ff3fc8 elementor-widget elementor-widget-text-editor\" data-id=\"3ff3fc8\" data-element_type=\"widget\" data-e-type=\"widget\" data-widget_type=\"text-editor.default\">\n\t\t\t\t<div class=\"elementor-widget-container\">\n\t\t\t\t\t\t\t\t\t<p>Lorem ipsum dolor sit amet, consectetur adipiscing elit. Ut elit tellus, luctus nec ullamcorper mattis, pulvinar dapibus leo.<\/p>\t\t\t\t\t\t\t\t<\/div>\n\t\t\t\t<\/div>\n\t\t\t\t\t<\/div>\n\t\t\t\t<\/div>\n\t\t<div class=\"elementor-element elementor-element-c8f4da4 e-flex e-con-boxed e-con e-parent\" data-id=\"c8f4da4\" data-element_type=\"container\" data-e-type=\"container\">\n\t\t\t\t\t<div class=\"e-con-inner\">\n\t\t\t\t<div class=\"elementor-element elementor-element-ff3eec3 elementor-widget elementor-widget-text-editor\" data-id=\"ff3eec3\" data-element_type=\"widget\" data-e-type=\"widget\" data-widget_type=\"text-editor.default\">\n\t\t\t\t<div class=\"elementor-widget-container\">\n\t\t\t\t\t\t\t\t\t<p>Os Departamentos s\u00e3o estruturas organizativas da escola que re\u00fanem os docentes de \u00e1reas curriculares semelhantes. T\u00eam como principal fun\u00e7\u00e3o planear, coordenar e acompanhar as atividades letivas, garantindo a qualidade das aprendizagens e a coer\u00eancia do ensino.<\/p><p><strong>Departamento do Pr\u00e9-Escolar:<\/strong><br \/>Coordenadora: Sandra Lameirinha<br \/><strong>Departamento do 1.\u00ba Ciclo:<br \/><\/strong>Coordenadora: Valqu\u00edria Costa<br \/><strong>Departamento de L\u00ednguas:\u00a0<br \/><\/strong>Coordenadora: Paula Antunes<br \/><strong>Departamento de Ci\u00eancias Sociais e Humanas:<\/strong><br \/>Coordenadora: Lu\u00edsa Duque<br \/><strong>Departamento de Matem\u00e1tica e Ci\u00eancias Experimentais:<\/strong><br \/>Coordenadora: Ana Freitas<br \/><strong>Departamento de Artes e Tecnologias:<\/strong><br \/>Coordenadora: Cristina Godinho<br \/><strong>Departamento de Express\u00f5es:<\/strong><br \/>Coordenadora: C\u00e9lia Louzeiro<br \/><strong>Departamento de Educa\u00e7\u00e3o Especial:<\/strong><br \/>Coordenadora: Patr\u00edcia Carvalho<\/p>\t\t\t\t\t\t\t\t<\/div>\n\t\t\t\t<\/div>\n\t\t\t\t\t<\/div>\n\t\t\t\t<\/div>\n\t\t\t\t<\/div>\n\t\t","protected":false},"excerpt":{"rendered":"<p>Lorem ipsum dolor sit amet, consectetur adipiscing elit. Ut elit tellus, luctus nec ullamcorper mattis, pulvinar dapibus leo. Os Departamentos s\u00e3o estruturas organizativas da escola que re\u00fanem os docentes de \u00e1reas curriculares semelhantes. T\u00eam como principal fun\u00e7\u00e3o planear, coordenar e acompanhar as atividades letivas, garantindo a qualidade das aprendizagens e a coer\u00eancia do ensino. Departamento [&hellip;]<\/p>\n","protected":false},"author":1,"featured_media":0,"parent":0,"menu_order":0,"comment_status":"closed","ping_status":"closed","template":"","meta":{"footnotes":""},"categories":[],"tags":[],"class_list":["post-2467","page","type-page","status-publish","hentry"],"_links":{"self":[{"href":"https:\/\/aemcs.pt\/site\/wp-json\/wp\/v2\/pages\/2467","targetHints":{"allow":["GET"]}}],"collection":[{"href":"https:\/\/aemcs.pt\/site\/wp-json\/wp\/v2\/pages"}],"about":[{"href":"https:\/\/aemcs.pt\/site\/wp-json\/wp\/v2\/types\/page"}],"author":[{"embeddable":true,"href":"https:\/\/aemcs.pt\/site\/wp-json\/wp\/v2\/users\/1"}],"replies":[{"embeddable":true,"href":"https:\/\/aemcs.pt\/site\/wp-json\/wp\/v2\/comments?post=2467"}],"version-history":[{"count":4,"href":"https:\/\/aemcs.pt\/site\/wp-json\/wp\/v2\/pages\/2467\/revisions"}],"predecessor-version":[{"id":2473,"href":"https:\/\/aemcs.pt\/site\/wp-json\/wp\/v2\/pages\/2467\/revisions\/2473"}],"wp:attachment":[{"href":"https:\/\/aemcs.pt\/site\/wp-json\/wp\/v2\/media?parent=2467"}],"wp:term":[{"taxonomy":"category","embeddable":true,"href":"https:\/\/aemcs.pt\/site\/wp-json\/wp\/v2\/categories?post=2467"},{"taxonomy":"post_tag","embeddable":true,"href":"https:\/\/aemcs.pt\/site\/wp-json\/wp\/v2\/tags?post=2467"}],"curies":[{"name":"wp","href":"https:\/\/api.w.org\/{rel}","templated":true}]}}

<div data-elementor-type="wp-page" data-elementor-id="2467" class="elementor elementor-2467">
				<div class="elementor-element elementor-element-b31dfb2 e-flex e-con-boxed e-con e-parent" data-id="b31dfb2" data-element_type="container" data-e-type="container">
					<div class="e-con-inner">
				<div class="elementor-element elementor-element-3ff3fc8 elementor-widget elementor-widget-text-editor" data-id="3ff3fc8" data-element_type="widget" data-e-type="widget" data-widget_type="text-editor.default">
				<div class="elementor-widget-container">
									<p>Lorem ipsum dolor sit amet, consectetur adipiscing elit. Ut elit tellus, luctus nec ullamcorper mattis, pulvinar dapibus leo.</p>								</div>
				</div>
					</div>
				</div>
		<div class="elementor-element elementor-element-c8f4da4 e-flex e-con-boxed e-con e-parent" data-id="c8f4da4" data-element_type="container" data-e-type="container">
					<div class="e-con-inner">
				<div class="elementor-element elementor-element-ff3eec3 elementor-widget elementor-widget-text-editor" data-id="ff3eec3" data-element_type="widget" data-e-type="widget" data-widget_type="text-editor.default">
				<div class="elementor-widget-container">
									<p>Os Departamentos são estruturas organizativas da escola que reúnem os docentes de áreas curriculares semelhantes. Têm como principal função planear, coordenar e acompanhar as atividades letivas, garantindo a qualidade das aprendizagens e a coerência do ensino.</p><p><strong>Departamento do Pré-Escolar:</strong><br />Coordenadora: Sandra Lameirinha<br /><strong>Departamento do 1.º Ciclo:<br /></strong>Coordenadora: Valquíria Costa<br /><strong>Departamento de Línguas: <br /></strong>Coordenadora: Paula Antunes<br /><strong>Departamento de Ciências Sociais e Humanas:</strong><br />Coordenadora: Luísa Duque<br /><strong>Departamento de Matemática e Ciências Experimentais:</strong><br />Coordenadora: Ana Freitas<br /><strong>Departamento de Artes e Tecnologias:</strong><br />Coordenadora: Cristina Godinho<br /><strong>Departamento de Expressões:</strong><br />Coordenadora: Célia Louzeiro<br /><strong>Departamento de Educação Especial:</strong><br />Coordenadora: Patrícia Carvalho</p>								</div>
				</div>
					</div>
				</div>
				</div>

<p>Lorem ipsum dolor sit amet, consectetur adipiscing elit. Ut elit tellus, luctus nec ullamcorper mattis, pulvinar dapibus leo. Os Departamentos são estruturas organizativas da escola que reúnem os docentes de áreas curriculares semelhantes. Têm como principal função planear, coordenar e acompanhar as atividades letivas, garantindo a qualidade das aprendizagens e a coerência do ensino. Departamento [&hellip;]</p>
