{"id":2456,"date":"2026-01-21T18:01:22","date_gmt":"2026-01-21T18:01:22","guid":{"rendered":"https:\/\/aemcs.pt\/site\/?page_id=2456"},"modified":"2026-01-21T18:29:52","modified_gmt":"2026-01-21T18:29:52","slug":"conselho-de-diretores-de-turma","status":"publish","type":"page","link":"https:\/\/aemcs.pt\/site\/conselho-de-diretores-de-turma\/","title":{"rendered":"Conselho de Diretores de Turma"},"content":{"rendered":"\t\t<div data-elementor-type=\"wp-page\" data-elementor-id=\"2456\" class=\"elementor elementor-2456\">\n\t\t\t\t<div class=\"elementor-element elementor-element-544461e e-flex e-con-boxed e-con e-parent\" data-id=\"544461e\" data-element_type=\"container\" data-e-type=\"container\">\n\t\t\t\t\t<div class=\"e-con-inner\">\n\t\t\t\t<div class=\"elementor-element elementor-element-ee3b5b8 elementor-widget elementor-widget-text-editor\" data-id=\"ee3b5b8\" data-element_type=\"widget\" data-e-type=\"widget\" data-widget_type=\"text-editor.default\">\n\t\t\t\t<div class=\"elementor-widget-container\">\n\t\t\t\t\t\t\t\t\t<p>O Conselho de Diretores de Turma \u00e9 o \u00f3rg\u00e3o que re\u00fane os docentes respons\u00e1veis pelas turmas da escola, com o objetivo de promover a articula\u00e7\u00e3o pedag\u00f3gica e acompanhar o percurso escolar dos alunos.<\/p><p class=\"wp-block-heading\"><strong>Coordenador<br \/><\/strong>Augusto Mateus<\/p>\t\t\t\t\t\t\t\t<\/div>\n\t\t\t\t<\/div>\n\t\t\t\t\t<\/div>\n\t\t\t\t<\/div>\n\t\t\t\t<\/div>\n\t\t","protected":false},"excerpt":{"rendered":"<p>O Conselho de Diretores de Turma \u00e9 o \u00f3rg\u00e3o que re\u00fane os docentes respons\u00e1veis pelas turmas da escola, com o objetivo de promover a articula\u00e7\u00e3o pedag\u00f3gica e acompanhar o percurso escolar dos alunos. CoordenadorAugusto Mateus<\/p>\n","protected":false},"author":1,"featured_media":0,"parent":0,"menu_order":0,"comment_status":"closed","ping_status":"closed","template":"","meta":{"footnotes":""},"categories":[],"tags":[],"class_list":["post-2456","page","type-page","status-publish","hentry"],"_links":{"self":[{"href":"https:\/\/aemcs.pt\/site\/wp-json\/wp\/v2\/pages\/2456","targetHints":{"allow":["GET"]}}],"collection":[{"href":"https:\/\/aemcs.pt\/site\/wp-json\/wp\/v2\/pages"}],"about":[{"href":"https:\/\/aemcs.pt\/site\/wp-json\/wp\/v2\/types\/page"}],"author":[{"embeddable":true,"href":"https:\/\/aemcs.pt\/site\/wp-json\/wp\/v2\/users\/1"}],"replies":[{"embeddable":true,"href":"https:\/\/aemcs.pt\/site\/wp-json\/wp\/v2\/comments?post=2456"}],"version-history":[{"count":8,"href":"https:\/\/aemcs.pt\/site\/wp-json\/wp\/v2\/pages\/2456\/revisions"}],"predecessor-version":[{"id":2530,"href":"https:\/\/aemcs.pt\/site\/wp-json\/wp\/v2\/pages\/2456\/revisions\/2530"}],"wp:attachment":[{"href":"https:\/\/aemcs.pt\/site\/wp-json\/wp\/v2\/media?parent=2456"}],"wp:term":[{"taxonomy":"category","embeddable":true,"href":"https:\/\/aemcs.pt\/site\/wp-json\/wp\/v2\/categories?post=2456"},{"taxonomy":"post_tag","embeddable":true,"href":"https:\/\/aemcs.pt\/site\/wp-json\/wp\/v2\/tags?post=2456"}],"curies":[{"name":"wp","href":"https:\/\/api.w.org\/{rel}","templated":true}]}}

<div data-elementor-type="wp-page" data-elementor-id="2456" class="elementor elementor-2456">
				<div class="elementor-element elementor-element-544461e e-flex e-con-boxed e-con e-parent" data-id="544461e" data-element_type="container" data-e-type="container">
					<div class="e-con-inner">
				<div class="elementor-element elementor-element-ee3b5b8 elementor-widget elementor-widget-text-editor" data-id="ee3b5b8" data-element_type="widget" data-e-type="widget" data-widget_type="text-editor.default">
				<div class="elementor-widget-container">
									<p>O Conselho de Diretores de Turma é o órgão que reúne os docentes responsáveis pelas turmas da escola, com o objetivo de promover a articulação pedagógica e acompanhar o percurso escolar dos alunos.</p><p class="wp-block-heading"><strong>Coordenador<br /></strong>Augusto Mateus</p>								</div>
				</div>
					</div>
				</div>
				</div>

<p>O Conselho de Diretores de Turma é o órgão que reúne os docentes responsáveis pelas turmas da escola, com o objetivo de promover a articulação pedagógica e acompanhar o percurso escolar dos alunos. CoordenadorAugusto Mateus</p>
