{"id":2449,"date":"2026-01-21T17:52:37","date_gmt":"2026-01-21T17:52:37","guid":{"rendered":"https:\/\/aemcs.pt\/site\/?page_id=2449"},"modified":"2026-01-21T17:56:48","modified_gmt":"2026-01-21T17:56:48","slug":"conselho-administrativo","status":"publish","type":"page","link":"https:\/\/aemcs.pt\/site\/conselho-administrativo\/","title":{"rendered":"Conselho Administrativo"},"content":{"rendered":"\t\t<div data-elementor-type=\"wp-page\" data-elementor-id=\"2449\" class=\"elementor elementor-2449\">\n\t\t\t\t<div class=\"elementor-element elementor-element-960be83 e-flex e-con-boxed e-con e-parent\" data-id=\"960be83\" data-element_type=\"container\" data-e-type=\"container\">\n\t\t\t\t\t<div class=\"e-con-inner\">\n\t\t\t\t<div class=\"elementor-element elementor-element-d1a31c7 elementor-widget elementor-widget-text-editor\" data-id=\"d1a31c7\" data-element_type=\"widget\" data-e-type=\"widget\" data-widget_type=\"text-editor.default\">\n\t\t\t\t<div class=\"elementor-widget-container\">\n\t\t\t\t\t\t\t\t\t<p data-start=\"130\" data-end=\"425\">O Conselho Administrativo \u00e9 o \u00f3rg\u00e3o respons\u00e1vel pela gest\u00e3o financeira e patrimonial da escola. Compete-lhe assegurar a correta administra\u00e7\u00e3o dos recursos financeiros, materiais e patrimoniais, garantindo a sua utiliza\u00e7\u00e3o de forma eficiente, transparente e de acordo com a legisla\u00e7\u00e3o em vigor.<br \/>O Conselho Administrativo \u00e9 constitu\u00eddo pelos seguintes elementos:<\/p><p><strong>Presidente:<\/strong> Rui Pereira<br \/><strong>Vice-Presidente:<\/strong> Sofia Almeida<br \/><strong>Secret\u00e1rio:<\/strong> Nat\u00e9rcia Lopes<\/p>\t\t\t\t\t\t\t\t<\/div>\n\t\t\t\t<\/div>\n\t\t\t\t\t<\/div>\n\t\t\t\t<\/div>\n\t\t\t\t<\/div>\n\t\t","protected":false},"excerpt":{"rendered":"<p>O Conselho Administrativo \u00e9 o \u00f3rg\u00e3o respons\u00e1vel pela gest\u00e3o financeira e patrimonial da escola. Compete-lhe assegurar a correta administra\u00e7\u00e3o dos recursos financeiros, materiais e patrimoniais, garantindo a sua utiliza\u00e7\u00e3o de forma eficiente, transparente e de acordo com a legisla\u00e7\u00e3o em vigor.O Conselho Administrativo \u00e9 constitu\u00eddo pelos seguintes elementos: Presidente: Rui PereiraVice-Presidente: Sofia AlmeidaSecret\u00e1rio: Nat\u00e9rcia Lopes<\/p>\n","protected":false},"author":1,"featured_media":0,"parent":0,"menu_order":0,"comment_status":"closed","ping_status":"closed","template":"","meta":{"footnotes":""},"categories":[],"tags":[],"class_list":["post-2449","page","type-page","status-publish","hentry"],"_links":{"self":[{"href":"https:\/\/aemcs.pt\/site\/wp-json\/wp\/v2\/pages\/2449","targetHints":{"allow":["GET"]}}],"collection":[{"href":"https:\/\/aemcs.pt\/site\/wp-json\/wp\/v2\/pages"}],"about":[{"href":"https:\/\/aemcs.pt\/site\/wp-json\/wp\/v2\/types\/page"}],"author":[{"embeddable":true,"href":"https:\/\/aemcs.pt\/site\/wp-json\/wp\/v2\/users\/1"}],"replies":[{"embeddable":true,"href":"https:\/\/aemcs.pt\/site\/wp-json\/wp\/v2\/comments?post=2449"}],"version-history":[{"count":4,"href":"https:\/\/aemcs.pt\/site\/wp-json\/wp\/v2\/pages\/2449\/revisions"}],"predecessor-version":[{"id":2455,"href":"https:\/\/aemcs.pt\/site\/wp-json\/wp\/v2\/pages\/2449\/revisions\/2455"}],"wp:attachment":[{"href":"https:\/\/aemcs.pt\/site\/wp-json\/wp\/v2\/media?parent=2449"}],"wp:term":[{"taxonomy":"category","embeddable":true,"href":"https:\/\/aemcs.pt\/site\/wp-json\/wp\/v2\/categories?post=2449"},{"taxonomy":"post_tag","embeddable":true,"href":"https:\/\/aemcs.pt\/site\/wp-json\/wp\/v2\/tags?post=2449"}],"curies":[{"name":"wp","href":"https:\/\/api.w.org\/{rel}","templated":true}]}}

<div data-elementor-type="wp-page" data-elementor-id="2449" class="elementor elementor-2449">
				<div class="elementor-element elementor-element-960be83 e-flex e-con-boxed e-con e-parent" data-id="960be83" data-element_type="container" data-e-type="container">
					<div class="e-con-inner">
				<div class="elementor-element elementor-element-d1a31c7 elementor-widget elementor-widget-text-editor" data-id="d1a31c7" data-element_type="widget" data-e-type="widget" data-widget_type="text-editor.default">
				<div class="elementor-widget-container">
									<p data-start="130" data-end="425">O Conselho Administrativo é o órgão responsável pela gestão financeira e patrimonial da escola. Compete-lhe assegurar a correta administração dos recursos financeiros, materiais e patrimoniais, garantindo a sua utilização de forma eficiente, transparente e de acordo com a legislação em vigor.<br />O Conselho Administrativo é constituído pelos seguintes elementos:</p><p><strong>Presidente:</strong> Rui Pereira<br /><strong>Vice-Presidente:</strong> Sofia Almeida<br /><strong>Secretário:</strong> Natércia Lopes</p>								</div>
				</div>
					</div>
				</div>
				</div>

<p>O Conselho Administrativo é o órgão responsável pela gestão financeira e patrimonial da escola. Compete-lhe assegurar a correta administração dos recursos financeiros, materiais e patrimoniais, garantindo a sua utilização de forma eficiente, transparente e de acordo com a legislação em vigor.O Conselho Administrativo é constituído pelos seguintes elementos: Presidente: Rui PereiraVice-Presidente: Sofia AlmeidaSecretário: Natércia Lopes</p>
