{"id":2442,"date":"2026-01-21T17:45:43","date_gmt":"2026-01-21T17:45:43","guid":{"rendered":"https:\/\/aemcs.pt\/site\/?page_id=2442"},"modified":"2026-01-21T17:46:06","modified_gmt":"2026-01-21T17:46:06","slug":"conselho-pedagogico","status":"publish","type":"page","link":"https:\/\/aemcs.pt\/site\/conselho-pedagogico\/","title":{"rendered":"Conselho Pedag\u00f3gico"},"content":{"rendered":"\t\t<div data-elementor-type=\"wp-page\" data-elementor-id=\"2442\" class=\"elementor elementor-2442\">\n\t\t\t\t<div class=\"elementor-element elementor-element-08353db e-flex e-con-boxed e-con e-parent\" data-id=\"08353db\" data-element_type=\"container\" data-e-type=\"container\">\n\t\t\t\t\t<div class=\"e-con-inner\">\n\t\t\t\t<div class=\"elementor-element elementor-element-fc42e9d elementor-widget elementor-widget-text-editor\" data-id=\"fc42e9d\" data-element_type=\"widget\" data-e-type=\"widget\" data-widget_type=\"text-editor.default\">\n\t\t\t\t<div class=\"elementor-widget-container\">\n\t\t\t\t\t\t\t\t\t<p data-start=\"137\" data-end=\"387\">O Conselho Pedag\u00f3gico \u00e9 o \u00f3rg\u00e3o respons\u00e1vel pela coordena\u00e7\u00e3o e supervis\u00e3o pedag\u00f3gica da escola. Tem como principal miss\u00e3o promover a qualidade do ensino e das aprendizagens, assegurando a articula\u00e7\u00e3o entre os diferentes n\u00edveis e \u00e1reas curriculares.<br \/>Compete ao Conselho Pedag\u00f3gico emitir pareceres e aprovar orienta\u00e7\u00f5es de natureza pedag\u00f3gica, acompanhar a implementa\u00e7\u00e3o do Projeto Educativo e contribuir para a melhoria cont\u00ednua das pr\u00e1ticas educativas, em estreita colabora\u00e7\u00e3o com os diferentes \u00f3rg\u00e3os e estruturas da escola.<br \/>Composi\u00e7\u00e3o do Conselho Pedag\u00f3gico:<\/p><p data-start=\"137\" data-end=\"387\"><strong>Presidente:<\/strong><br \/>Rui Pereira<br \/><strong>Departamento do Pr\u00e9-Escolar:<\/strong><br \/>Sandra Lameirinha<br \/><strong>Departamento do 1.\u00ba Ciclo:<br \/><\/strong>Valqu\u00edria Costa<br \/><strong>Departamento de L\u00ednguas:\u00a0<br \/><\/strong>Paula Antunes<br \/><strong>Departamento de Ci\u00eancias Sociais e Humanas:<\/strong><br \/>Lu\u00edsa Duque<br \/><strong>Departamento de Matem\u00e1tica e Ci\u00eancias Experimentais:<\/strong><br \/>Ana Freitas<br \/><strong>Departamento de Artes e Tecnologias:<\/strong><br \/>Cristina Godinho<br \/><strong>Departamento de Express\u00f5es:<\/strong><br \/>C\u00e9lia Louzeiro<br \/><strong>Departamento de Educa\u00e7\u00e3o Especial:<\/strong><br \/>Patr\u00edcia Carvalho<br \/><strong>Coordenador dos Diretores de Turma:<br \/><\/strong>Augusto Mateus<br \/><b>Biblioteca Escolar\/Autoavalia\u00e7\u00e3o:<br \/><\/b>Pedro Delgado<br \/><b>Autoavalia\u00e7\u00e3o:<\/b>\u00a0<br \/>Teresa Pereira<\/p>\t\t\t\t\t\t\t\t<\/div>\n\t\t\t\t<\/div>\n\t\t\t\t\t<\/div>\n\t\t\t\t<\/div>\n\t\t\t\t<\/div>\n\t\t","protected":false},"excerpt":{"rendered":"<p>O Conselho Pedag\u00f3gico \u00e9 o \u00f3rg\u00e3o respons\u00e1vel pela coordena\u00e7\u00e3o e supervis\u00e3o pedag\u00f3gica da escola. Tem como principal miss\u00e3o promover a qualidade do ensino e das aprendizagens, assegurando a articula\u00e7\u00e3o entre os diferentes n\u00edveis e \u00e1reas curriculares.Compete ao Conselho Pedag\u00f3gico emitir pareceres e aprovar orienta\u00e7\u00f5es de natureza pedag\u00f3gica, acompanhar a implementa\u00e7\u00e3o do Projeto Educativo e contribuir [&hellip;]<\/p>\n","protected":false},"author":1,"featured_media":0,"parent":0,"menu_order":0,"comment_status":"closed","ping_status":"closed","template":"","meta":{"footnotes":""},"categories":[],"tags":[],"class_list":["post-2442","page","type-page","status-publish","hentry"],"_links":{"self":[{"href":"https:\/\/aemcs.pt\/site\/wp-json\/wp\/v2\/pages\/2442","targetHints":{"allow":["GET"]}}],"collection":[{"href":"https:\/\/aemcs.pt\/site\/wp-json\/wp\/v2\/pages"}],"about":[{"href":"https:\/\/aemcs.pt\/site\/wp-json\/wp\/v2\/types\/page"}],"author":[{"embeddable":true,"href":"https:\/\/aemcs.pt\/site\/wp-json\/wp\/v2\/users\/1"}],"replies":[{"embeddable":true,"href":"https:\/\/aemcs.pt\/site\/wp-json\/wp\/v2\/comments?post=2442"}],"version-history":[{"count":4,"href":"https:\/\/aemcs.pt\/site\/wp-json\/wp\/v2\/pages\/2442\/revisions"}],"predecessor-version":[{"id":2448,"href":"https:\/\/aemcs.pt\/site\/wp-json\/wp\/v2\/pages\/2442\/revisions\/2448"}],"wp:attachment":[{"href":"https:\/\/aemcs.pt\/site\/wp-json\/wp\/v2\/media?parent=2442"}],"wp:term":[{"taxonomy":"category","embeddable":true,"href":"https:\/\/aemcs.pt\/site\/wp-json\/wp\/v2\/categories?post=2442"},{"taxonomy":"post_tag","embeddable":true,"href":"https:\/\/aemcs.pt\/site\/wp-json\/wp\/v2\/tags?post=2442"}],"curies":[{"name":"wp","href":"https:\/\/api.w.org\/{rel}","templated":true}]}}

Conselho Pedagógico

<div data-elementor-type="wp-page" data-elementor-id="2442" class="elementor elementor-2442">
				<div class="elementor-element elementor-element-08353db e-flex e-con-boxed e-con e-parent" data-id="08353db" data-element_type="container" data-e-type="container">
					<div class="e-con-inner">
				<div class="elementor-element elementor-element-fc42e9d elementor-widget elementor-widget-text-editor" data-id="fc42e9d" data-element_type="widget" data-e-type="widget" data-widget_type="text-editor.default">
				<div class="elementor-widget-container">
									<p data-start="137" data-end="387">O Conselho Pedagógico é o órgão responsável pela coordenação e supervisão pedagógica da escola. Tem como principal missão promover a qualidade do ensino e das aprendizagens, assegurando a articulação entre os diferentes níveis e áreas curriculares.<br />Compete ao Conselho Pedagógico emitir pareceres e aprovar orientações de natureza pedagógica, acompanhar a implementação do Projeto Educativo e contribuir para a melhoria contínua das práticas educativas, em estreita colaboração com os diferentes órgãos e estruturas da escola.<br />Composição do Conselho Pedagógico:</p><p data-start="137" data-end="387"><strong>Presidente:</strong><br />Rui Pereira<br /><strong>Departamento do Pré-Escolar:</strong><br />Sandra Lameirinha<br /><strong>Departamento do 1.º Ciclo:<br /></strong>Valquíria Costa<br /><strong>Departamento de Línguas: <br /></strong>Paula Antunes<br /><strong>Departamento de Ciências Sociais e Humanas:</strong><br />Luísa Duque<br /><strong>Departamento de Matemática e Ciências Experimentais:</strong><br />Ana Freitas<br /><strong>Departamento de Artes e Tecnologias:</strong><br />Cristina Godinho<br /><strong>Departamento de Expressões:</strong><br />Célia Louzeiro<br /><strong>Departamento de Educação Especial:</strong><br />Patrícia Carvalho<br /><strong>Coordenador dos Diretores de Turma:<br /></strong>Augusto Mateus<br /><b>Biblioteca Escolar/Autoavaliação:<br /></b>Pedro Delgado<br /><b>Autoavaliação:</b> <br />Teresa Pereira</p>								</div>
				</div>
					</div>
				</div>
				</div>

<p>O Conselho Pedagógico é o órgão responsável pela coordenação e supervisão pedagógica da escola. Tem como principal missão promover a qualidade do ensino e das aprendizagens, assegurando a articulação entre os diferentes níveis e áreas curriculares.Compete ao Conselho Pedagógico emitir pareceres e aprovar orientações de natureza pedagógica, acompanhar a implementação do Projeto Educativo e contribuir [&hellip;]</p>
