{"id":2435,"date":"2026-01-21T17:32:56","date_gmt":"2026-01-21T17:32:56","guid":{"rendered":"https:\/\/aemcs.pt\/site\/?page_id=2435"},"modified":"2026-01-21T17:37:25","modified_gmt":"2026-01-21T17:37:25","slug":"direcao","status":"publish","type":"page","link":"https:\/\/aemcs.pt\/site\/direcao\/","title":{"rendered":"Dire\u00e7\u00e3o"},"content":{"rendered":"\t\t<div data-elementor-type=\"wp-page\" data-elementor-id=\"2435\" class=\"elementor elementor-2435\">\n\t\t\t\t<div class=\"elementor-element elementor-element-4e3ee9b e-flex e-con-boxed e-con e-parent\" data-id=\"4e3ee9b\" data-element_type=\"container\" data-e-type=\"container\">\n\t\t\t\t\t<div class=\"e-con-inner\">\n\t\t\t\t<div class=\"elementor-element elementor-element-12b4815 elementor-widget elementor-widget-text-editor\" data-id=\"12b4815\" data-element_type=\"widget\" data-e-type=\"widget\" data-widget_type=\"text-editor.default\">\n\t\t\t\t<div class=\"elementor-widget-container\">\n\t\t\t\t\t\t\t\t\t<p data-start=\"109\" data-end=\"375\">A Dire\u00e7\u00e3o \u00e9 o \u00f3rg\u00e3o de gest\u00e3o e administra\u00e7\u00e3o da escola, respons\u00e1vel pela condu\u00e7\u00e3o da sua atividade pedag\u00f3gica, administrativa e financeira. Compete-lhe assegurar a execu\u00e7\u00e3o das orienta\u00e7\u00f5es definidas pelo Conselho Geral e implementar o Projeto Educativo da escola.<br>A Dire\u00e7\u00e3o coordena os recursos humanos e materiais, promove o bom funcionamento da escola e trabalha em articula\u00e7\u00e3o com toda a comunidade educativa, garantindo um ambiente favor\u00e1vel ao sucesso educativo e ao desenvolvimento dos alunos.<br>A Dire\u00e7\u00e3o \u00e9 composta pelos seguintes elementos:<br><br><strong>Diretor:<\/strong>&nbsp;Rui Pereira<br><strong>Subdiretor:<\/strong>&nbsp;Francisco Nunes<br><strong>Adjunta:<\/strong>&nbsp;Suzana Borges<br><strong>Adjunta:<\/strong>&nbsp;Sofia Almeida<\/p>\t\t\t\t\t\t\t\t<\/div>\n\t\t\t\t<\/div>\n\t\t\t\t\t<\/div>\n\t\t\t\t<\/div>\n\t\t\t\t<\/div>\n\t\t","protected":false},"excerpt":{"rendered":"<p>A Dire\u00e7\u00e3o \u00e9 o \u00f3rg\u00e3o de gest\u00e3o e administra\u00e7\u00e3o da escola, respons\u00e1vel pela condu\u00e7\u00e3o da sua atividade pedag\u00f3gica, administrativa e financeira. Compete-lhe assegurar a execu\u00e7\u00e3o das orienta\u00e7\u00f5es definidas pelo Conselho Geral e implementar o Projeto Educativo da escola.A Dire\u00e7\u00e3o coordena os recursos humanos e materiais, promove o bom funcionamento da escola e trabalha em articula\u00e7\u00e3o [&hellip;]<\/p>\n","protected":false},"author":1,"featured_media":0,"parent":0,"menu_order":0,"comment_status":"closed","ping_status":"closed","template":"","meta":{"footnotes":""},"categories":[],"tags":[],"class_list":["post-2435","page","type-page","status-publish","hentry"],"_links":{"self":[{"href":"https:\/\/aemcs.pt\/site\/wp-json\/wp\/v2\/pages\/2435","targetHints":{"allow":["GET"]}}],"collection":[{"href":"https:\/\/aemcs.pt\/site\/wp-json\/wp\/v2\/pages"}],"about":[{"href":"https:\/\/aemcs.pt\/site\/wp-json\/wp\/v2\/types\/page"}],"author":[{"embeddable":true,"href":"https:\/\/aemcs.pt\/site\/wp-json\/wp\/v2\/users\/1"}],"replies":[{"embeddable":true,"href":"https:\/\/aemcs.pt\/site\/wp-json\/wp\/v2\/comments?post=2435"}],"version-history":[{"count":4,"href":"https:\/\/aemcs.pt\/site\/wp-json\/wp\/v2\/pages\/2435\/revisions"}],"predecessor-version":[{"id":2441,"href":"https:\/\/aemcs.pt\/site\/wp-json\/wp\/v2\/pages\/2435\/revisions\/2441"}],"wp:attachment":[{"href":"https:\/\/aemcs.pt\/site\/wp-json\/wp\/v2\/media?parent=2435"}],"wp:term":[{"taxonomy":"category","embeddable":true,"href":"https:\/\/aemcs.pt\/site\/wp-json\/wp\/v2\/categories?post=2435"},{"taxonomy":"post_tag","embeddable":true,"href":"https:\/\/aemcs.pt\/site\/wp-json\/wp\/v2\/tags?post=2435"}],"curies":[{"name":"wp","href":"https:\/\/api.w.org\/{rel}","templated":true}]}}

Direção

<div data-elementor-type="wp-page" data-elementor-id="2435" class="elementor elementor-2435">
				<div class="elementor-element elementor-element-4e3ee9b e-flex e-con-boxed e-con e-parent" data-id="4e3ee9b" data-element_type="container" data-e-type="container">
					<div class="e-con-inner">
				<div class="elementor-element elementor-element-12b4815 elementor-widget elementor-widget-text-editor" data-id="12b4815" data-element_type="widget" data-e-type="widget" data-widget_type="text-editor.default">
				<div class="elementor-widget-container">
									<p data-start="109" data-end="375">A Direção é o órgão de gestão e administração da escola, responsável pela condução da sua atividade pedagógica, administrativa e financeira. Compete-lhe assegurar a execução das orientações definidas pelo Conselho Geral e implementar o Projeto Educativo da escola.<br>A Direção coordena os recursos humanos e materiais, promove o bom funcionamento da escola e trabalha em articulação com toda a comunidade educativa, garantindo um ambiente favorável ao sucesso educativo e ao desenvolvimento dos alunos.<br>A Direção é composta pelos seguintes elementos:<br><br><strong>Diretor:</strong>&nbsp;Rui Pereira<br><strong>Subdiretor:</strong>&nbsp;Francisco Nunes<br><strong>Adjunta:</strong>&nbsp;Suzana Borges<br><strong>Adjunta:</strong>&nbsp;Sofia Almeida</p>								</div>
				</div>
					</div>
				</div>
				</div>

<p>A Direção é o órgão de gestão e administração da escola, responsável pela condução da sua atividade pedagógica, administrativa e financeira. Compete-lhe assegurar a execução das orientações definidas pelo Conselho Geral e implementar o Projeto Educativo da escola.A Direção coordena os recursos humanos e materiais, promove o bom funcionamento da escola e trabalha em articulação [&hellip;]</p>
