{"id":208,"date":"2024-12-18T22:08:27","date_gmt":"2024-12-18T22:08:27","guid":{"rendered":"https:\/\/aemcs.pt\/site\/?page_id=208"},"modified":"2025-05-07T13:02:58","modified_gmt":"2025-05-07T13:02:58","slug":"contactos","status":"publish","type":"page","link":"https:\/\/aemcs.pt\/site\/contactos\/","title":{"rendered":"Contactos"},"content":{"rendered":"\t\t<div data-elementor-type=\"wp-page\" data-elementor-id=\"208\" class=\"elementor elementor-208\">\n\t\t\t\t<div class=\"elementor-element elementor-element-f99aad7 e-con-full e-flex e-con e-parent\" data-id=\"f99aad7\" data-element_type=\"container\" data-e-type=\"container\">\n\t\t<div class=\"elementor-element elementor-element-66f7aff e-con-full e-flex e-con e-child\" data-id=\"66f7aff\" data-element_type=\"container\" data-e-type=\"container\">\n\t\t\t\t<div class=\"elementor-element elementor-element-ab5b31a elementor-widget elementor-widget-text-editor\" data-id=\"ab5b31a\" data-element_type=\"widget\" data-e-type=\"widget\" data-widget_type=\"text-editor.default\">\n\t\t\t\t<div class=\"elementor-widget-container\">\n\t\t\t\t\t\t\t\t\t<p><span style=\"font-family: ABeeZee, sans-serif; font-size: 12px; font-style: normal;\"><b>AGRUPAMENTO DE ESCOLAS MARIA DO CARMO SERROTE<\/b><\/span><\/p><p><b>Escola Sede:<br \/><\/b>Escola B\u00e1sica Maria do Carmo Serrote<br \/><img decoding=\"async\" class=\"alignnone wp-image-466\" src=\"https:\/\/aemcs.pt\/site\/wp-content\/uploads\/2024\/12\/1-1-300x300.png\" alt=\"\" width=\"28\" height=\"28\" srcset=\"https:\/\/aemcs.pt\/site\/wp-content\/uploads\/2024\/12\/1-1-300x300.png 300w, https:\/\/aemcs.pt\/site\/wp-content\/uploads\/2024\/12\/1-1-150x150.png 150w, https:\/\/aemcs.pt\/site\/wp-content\/uploads\/2024\/12\/1-1.png 512w\" sizes=\"(max-width: 28px) 100vw, 28px\" \/>Rua Ant\u00f3nio Jos\u00e9 de Almeida<br \/>2975-316 Quinta do Conde<br \/>Sesimbra<br \/><img decoding=\"async\" class=\"alignnone wp-image-467\" src=\"https:\/\/aemcs.pt\/site\/wp-content\/uploads\/2024\/12\/2-1-300x300.png\" alt=\"\" width=\"19\" height=\"19\" srcset=\"https:\/\/aemcs.pt\/site\/wp-content\/uploads\/2024\/12\/2-1-300x300.png 300w, https:\/\/aemcs.pt\/site\/wp-content\/uploads\/2024\/12\/2-1-150x150.png 150w, https:\/\/aemcs.pt\/site\/wp-content\/uploads\/2024\/12\/2-1-340x316.png 340w, https:\/\/aemcs.pt\/site\/wp-content\/uploads\/2024\/12\/2-1.png 512w\" sizes=\"(max-width: 19px) 100vw, 19px\" \/> 212 106 361 \/ 212 110 740\u00a0<br \/>\u00a0 \u00a0 \u00a0 932 106 361 \/ 918 648 157 \/ 965 593 222<br \/><img decoding=\"async\" class=\"alignnone wp-image-468\" src=\"https:\/\/aemcs.pt\/site\/wp-content\/uploads\/2024\/12\/3-300x300.png\" alt=\"\" width=\"21\" height=\"21\" srcset=\"https:\/\/aemcs.pt\/site\/wp-content\/uploads\/2024\/12\/3-300x300.png 300w, https:\/\/aemcs.pt\/site\/wp-content\/uploads\/2024\/12\/3-150x150.png 150w, https:\/\/aemcs.pt\/site\/wp-content\/uploads\/2024\/12\/3-340x316.png 340w, https:\/\/aemcs.pt\/site\/wp-content\/uploads\/2024\/12\/3.png 512w\" sizes=\"(max-width: 21px) 100vw, 21px\" \/> secretaria@aemcs.pt<\/p>\t\t\t\t\t\t\t\t<\/div>\n\t\t\t\t<\/div>\n\t\t\t\t<\/div>\n\t\t<div class=\"elementor-element elementor-element-f3f8a0d e-con-full e-flex e-con e-child\" data-id=\"f3f8a0d\" data-element_type=\"container\" data-e-type=\"container\">\n\t\t\t\t<div class=\"elementor-element elementor-element-6690a3a elementor-widget elementor-widget-google_maps\" data-id=\"6690a3a\" data-element_type=\"widget\" data-e-type=\"widget\" data-widget_type=\"google_maps.default\">\n\t\t\t\t<div class=\"elementor-widget-container\">\n\t\t\t\t\t\t\t<div class=\"elementor-custom-embed\">\n\t\t\t<iframe loading=\"lazy\"\n\t\t\t\t\tsrc=\"https:\/\/maps.google.com\/maps?q=Escola%20B%C3%A1sica%20Maria%20do%20Carmo%20Serrote%2C%20Rua%20Ant%C3%B3nio%20Jos%C3%A9%20de%20Almeida%20Quinta%20do%20Conde&#038;t=m&#038;z=16&#038;output=embed&#038;iwloc=near\"\n\t\t\t\t\ttitle=\"Escola B\u00e1sica Maria do Carmo Serrote, Rua Ant\u00f3nio Jos\u00e9 de Almeida Quinta do Conde\"\n\t\t\t\t\taria-label=\"Escola B\u00e1sica Maria do Carmo Serrote, Rua Ant\u00f3nio Jos\u00e9 de Almeida Quinta do Conde\"\n\t\t\t><\/iframe>\n\t\t<\/div>\n\t\t\t\t\t\t<\/div>\n\t\t\t\t<\/div>\n\t\t\t\t<\/div>\n\t\t\t\t<\/div>\n\t\t<div class=\"elementor-element elementor-element-3e72f67 e-flex e-con-boxed e-con e-parent\" data-id=\"3e72f67\" data-element_type=\"container\" data-e-type=\"container\">\n\t\t\t\t\t<div class=\"e-con-inner\">\n\t\t<div class=\"elementor-element elementor-element-5dcd8b2 e-con-full e-flex e-con e-child\" data-id=\"5dcd8b2\" data-element_type=\"container\" data-e-type=\"container\">\n\t\t\t\t<div class=\"elementor-element elementor-element-ce5ee1b elementor-widget elementor-widget-text-editor\" data-id=\"ce5ee1b\" data-element_type=\"widget\" data-e-type=\"widget\" data-widget_type=\"text-editor.default\">\n\t\t\t\t<div class=\"elementor-widget-container\">\n\t\t\t\t\t\t\t\t\t<p>EB1\/JI do Polo do Conde 2<br \/><img decoding=\"async\" class=\"alignnone wp-image-466\" src=\"https:\/\/aemcs.pt\/site\/wp-content\/uploads\/2024\/12\/1-1-300x300.png\" alt=\"\" width=\"28\" height=\"28\" srcset=\"https:\/\/aemcs.pt\/site\/wp-content\/uploads\/2024\/12\/1-1-300x300.png 300w, https:\/\/aemcs.pt\/site\/wp-content\/uploads\/2024\/12\/1-1-150x150.png 150w, https:\/\/aemcs.pt\/site\/wp-content\/uploads\/2024\/12\/1-1.png 512w\" sizes=\"(max-width: 28px) 100vw, 28px\" \/>Rua Ant\u00f3nio S\u00e9rgio<br \/>2975-347 Quinta do Conde<br \/>Sesimbra<br \/><img decoding=\"async\" class=\"alignnone wp-image-467\" src=\"https:\/\/aemcs.pt\/site\/wp-content\/uploads\/2024\/12\/2-1-300x300.png\" alt=\"\" width=\"19\" height=\"19\" srcset=\"https:\/\/aemcs.pt\/site\/wp-content\/uploads\/2024\/12\/2-1-300x300.png 300w, https:\/\/aemcs.pt\/site\/wp-content\/uploads\/2024\/12\/2-1-150x150.png 150w, https:\/\/aemcs.pt\/site\/wp-content\/uploads\/2024\/12\/2-1-340x316.png 340w, https:\/\/aemcs.pt\/site\/wp-content\/uploads\/2024\/12\/2-1.png 512w\" sizes=\"(max-width: 19px) 100vw, 19px\" \/> 211 644 452 \/ 211 644 357 \/ 932 006 533<\/p>\t\t\t\t\t\t\t\t<\/div>\n\t\t\t\t<\/div>\n\t\t\t\t<\/div>\n\t\t<div class=\"elementor-element elementor-element-6422cc0 e-con-full e-flex e-con e-child\" data-id=\"6422cc0\" data-element_type=\"container\" data-e-type=\"container\">\n\t\t\t\t<\/div>\n\t\t\t\t\t<\/div>\n\t\t\t\t<\/div>\n\t\t<div class=\"elementor-element elementor-element-b9b24bf e-flex e-con-boxed e-con e-parent\" data-id=\"b9b24bf\" data-element_type=\"container\" data-e-type=\"container\">\n\t\t\t\t\t<div class=\"e-con-inner\">\n\t\t<div class=\"elementor-element elementor-element-612e7d1 e-con-full e-flex e-con e-child\" data-id=\"612e7d1\" data-element_type=\"container\" data-e-type=\"container\">\n\t\t\t\t<div class=\"elementor-element elementor-element-4d25b3d elementor-widget elementor-widget-text-editor\" data-id=\"4d25b3d\" data-element_type=\"widget\" data-e-type=\"widget\" data-widget_type=\"text-editor.default\">\n\t\t\t\t<div class=\"elementor-widget-container\">\n\t\t\t\t\t\t\t\t\t<p>EB1\/JI do Casal do Sapo<br \/><img decoding=\"async\" class=\"alignnone wp-image-466\" src=\"https:\/\/aemcs.pt\/site\/wp-content\/uploads\/2024\/12\/1-1-300x300.png\" alt=\"\" width=\"28\" height=\"28\" srcset=\"https:\/\/aemcs.pt\/site\/wp-content\/uploads\/2024\/12\/1-1-300x300.png 300w, https:\/\/aemcs.pt\/site\/wp-content\/uploads\/2024\/12\/1-1-150x150.png 150w, https:\/\/aemcs.pt\/site\/wp-content\/uploads\/2024\/12\/1-1.png 512w\" sizes=\"(max-width: 28px) 100vw, 28px\" \/>Av. da Escola<br \/>2975-007 Quinta do Conde<br \/>Sesimbra<br \/><img decoding=\"async\" class=\"alignnone wp-image-467\" src=\"https:\/\/aemcs.pt\/site\/wp-content\/uploads\/2024\/12\/2-1-300x300.png\" alt=\"\" width=\"19\" height=\"19\" srcset=\"https:\/\/aemcs.pt\/site\/wp-content\/uploads\/2024\/12\/2-1-300x300.png 300w, https:\/\/aemcs.pt\/site\/wp-content\/uploads\/2024\/12\/2-1-150x150.png 150w, https:\/\/aemcs.pt\/site\/wp-content\/uploads\/2024\/12\/2-1-340x316.png 340w, https:\/\/aemcs.pt\/site\/wp-content\/uploads\/2024\/12\/2-1.png 512w\" sizes=\"(max-width: 19px) 100vw, 19px\" \/> 214 076 469 \/ 932 106 368<\/p>\t\t\t\t\t\t\t\t<\/div>\n\t\t\t\t<\/div>\n\t\t\t\t<\/div>\n\t\t<div class=\"elementor-element elementor-element-f601bc5 e-con-full e-flex e-con e-child\" data-id=\"f601bc5\" data-element_type=\"container\" data-e-type=\"container\">\n\t\t\t\t<\/div>\n\t\t\t\t\t<\/div>\n\t\t\t\t<\/div>\n\t\t\t\t<\/div>\n\t\t","protected":false},"excerpt":{"rendered":"<p>AGRUPAMENTO DE ESCOLAS MARIA DO CARMO SERROTE Escola Sede:Escola B\u00e1sica Maria do Carmo SerroteRua Ant\u00f3nio Jos\u00e9 de Almeida2975-316 Quinta do CondeSesimbra 212 106 361 \/ 212 110 740\u00a0\u00a0 \u00a0 \u00a0 932 106 361 \/ 918 648 157 \/ 965 593 222 secretaria@aemcs.pt EB1\/JI do Polo do Conde 2Rua Ant\u00f3nio S\u00e9rgio2975-347 Quinta do CondeSesimbra 211 644 [&hellip;]<\/p>\n","protected":false},"author":1,"featured_media":0,"parent":0,"menu_order":0,"comment_status":"closed","ping_status":"closed","template":"","meta":{"footnotes":""},"categories":[],"tags":[],"class_list":["post-208","page","type-page","status-publish","hentry"],"_links":{"self":[{"href":"https:\/\/aemcs.pt\/site\/wp-json\/wp\/v2\/pages\/208","targetHints":{"allow":["GET"]}}],"collection":[{"href":"https:\/\/aemcs.pt\/site\/wp-json\/wp\/v2\/pages"}],"about":[{"href":"https:\/\/aemcs.pt\/site\/wp-json\/wp\/v2\/types\/page"}],"author":[{"embeddable":true,"href":"https:\/\/aemcs.pt\/site\/wp-json\/wp\/v2\/users\/1"}],"replies":[{"embeddable":true,"href":"https:\/\/aemcs.pt\/site\/wp-json\/wp\/v2\/comments?post=208"}],"version-history":[{"count":22,"href":"https:\/\/aemcs.pt\/site\/wp-json\/wp\/v2\/pages\/208\/revisions"}],"predecessor-version":[{"id":1782,"href":"https:\/\/aemcs.pt\/site\/wp-json\/wp\/v2\/pages\/208\/revisions\/1782"}],"wp:attachment":[{"href":"https:\/\/aemcs.pt\/site\/wp-json\/wp\/v2\/media?parent=208"}],"wp:term":[{"taxonomy":"category","embeddable":true,"href":"https:\/\/aemcs.pt\/site\/wp-json\/wp\/v2\/categories?post=208"},{"taxonomy":"post_tag","embeddable":true,"href":"https:\/\/aemcs.pt\/site\/wp-json\/wp\/v2\/tags?post=208"}],"curies":[{"name":"wp","href":"https:\/\/api.w.org\/{rel}","templated":true}]}}