{"id":1742,"date":"2025-05-06T15:00:54","date_gmt":"2025-05-06T15:00:54","guid":{"rendered":"https:\/\/aemcs.pt\/site\/?page_id=1742"},"modified":"2025-07-16T13:49:04","modified_gmt":"2025-07-16T13:49:04","slug":"conselho-geral-do-aemcs-2025-2029-eleicao-dos-representantes-do-pessoal-docente-e-nao-docente","status":"publish","type":"page","link":"https:\/\/aemcs.pt\/site\/conselho-geral-do-aemcs-2025-2029-eleicao-dos-representantes-do-pessoal-docente-e-nao-docente\/","title":{"rendered":"Conselho Geral do AEMCS (2025\/2029) &#8211; Elei\u00e7\u00e3o dos Representantes do Pessoal Docente e N\u00e3o Docente"},"content":{"rendered":"\t\t<div data-elementor-type=\"wp-page\" data-elementor-id=\"1742\" class=\"elementor elementor-1742\">\n\t\t\t\t<div class=\"elementor-element elementor-element-6c5128c e-flex e-con-boxed e-con e-parent\" data-id=\"6c5128c\" data-element_type=\"container\" data-e-type=\"container\">\n\t\t\t\t\t<div class=\"e-con-inner\">\n\t\t\t\t<div class=\"elementor-element elementor-element-c47a80b elementor-widget elementor-widget-text-editor\" data-id=\"c47a80b\" data-element_type=\"widget\" data-e-type=\"widget\" data-widget_type=\"text-editor.default\">\n\t\t\t\t<div class=\"elementor-widget-container\">\n\t\t\t\t\t\t\t\t\t<p>\u00bb Edital de Abertura<br \/>\u00bb Regulamento Eleitoral<br \/>\u00bb Calend\u00e1rio do Processo Eleitoral<br \/>\u00bb Formul\u00e1rio &#8211; Lista de Candidatura do Pessoal Docente<br \/>\u00bb Formul\u00e1rio &#8211; Lista de Candidatura do Pessoal N\u00e3o Docente<\/p>\t\t\t\t\t\t\t\t<\/div>\n\t\t\t\t<\/div>\n\t\t\t\t\t<\/div>\n\t\t\t\t<\/div>\n\t\t<div class=\"elementor-element elementor-element-76944fd e-flex e-con-boxed e-con e-parent\" data-id=\"76944fd\" data-element_type=\"container\" data-e-type=\"container\">\n\t\t\t\t\t<div class=\"e-con-inner\">\n\t\t\t\t<div class=\"elementor-element elementor-element-622f5fe elementor-widget elementor-widget-text-editor\" data-id=\"622f5fe\" data-element_type=\"widget\" data-e-type=\"widget\" data-widget_type=\"text-editor.default\">\n\t\t\t\t<div class=\"elementor-widget-container\">\n\t\t\t\t\t\t\t\t\t<p>\u00bb \u00a0Lista de Candidatura do Pessoal Docente<br \/>\u00bb Lista de Candidatura do Pessoal N\u00e3o Docente<\/p>\t\t\t\t\t\t\t\t<\/div>\n\t\t\t\t<\/div>\n\t\t\t\t\t<\/div>\n\t\t\t\t<\/div>\n\t\t<div class=\"elementor-element elementor-element-9ae8f6f e-flex e-con-boxed e-con e-parent\" data-id=\"9ae8f6f\" data-element_type=\"container\" data-e-type=\"container\">\n\t\t\t\t\t<div class=\"e-con-inner\">\n\t\t\t\t<div class=\"elementor-element elementor-element-78ef25d elementor-widget elementor-widget-text-editor\" data-id=\"78ef25d\" data-element_type=\"widget\" data-e-type=\"widget\" data-widget_type=\"text-editor.default\">\n\t\t\t\t<div class=\"elementor-widget-container\">\n\t\t\t\t\t\t\t\t\t<p>\u00bb Cadernos Eleitorais (Atualizados) &#8211; Pessoal Docente<br \/>\u00bb Cadernos Eleitorais (Atualizados) &#8211; Pessoal N\u00e3o Docente<\/p>\t\t\t\t\t\t\t\t<\/div>\n\t\t\t\t<\/div>\n\t\t\t\t\t<\/div>\n\t\t\t\t<\/div>\n\t\t<div class=\"elementor-element elementor-element-970ae71 e-flex e-con-boxed e-con e-parent\" data-id=\"970ae71\" data-element_type=\"container\" data-e-type=\"container\">\n\t\t\t\t\t<div class=\"e-con-inner\">\n\t\t\t\t<div class=\"elementor-element elementor-element-98339ed elementor-widget elementor-widget-text-editor\" data-id=\"98339ed\" data-element_type=\"widget\" data-e-type=\"widget\" data-widget_type=\"text-editor.default\">\n\t\t\t\t<div class=\"elementor-widget-container\">\n\t\t\t\t\t\t\t\t\t<div><p>Resultados do Processo Eleitoral:<br \/>\u00bb <a href=\"https:\/\/aemcs.pt\/site\/wp-content\/uploads\/2025\/06\/Resultados-pessoal-docente.pdf\" target=\"_blank\" rel=\"noopener\">Pessoal Docente<\/a><br \/>\u00bb <a href=\"https:\/\/aemcs.pt\/site\/wp-content\/uploads\/2025\/06\/Resultados-pessoal-nao-docente.pdf\" target=\"_blank\" rel=\"noopener\">Pessoal N\u00e3o Docente<\/a><\/p><\/div>\t\t\t\t\t\t\t\t<\/div>\n\t\t\t\t<\/div>\n\t\t\t\t\t<\/div>\n\t\t\t\t<\/div>\n\t\t<div class=\"elementor-element elementor-element-0c7335e e-flex e-con-boxed e-con e-parent\" data-id=\"0c7335e\" data-element_type=\"container\" data-e-type=\"container\">\n\t\t\t\t\t<div class=\"e-con-inner\">\n\t\t\t\t<div class=\"elementor-element elementor-element-e5bd20f elementor-widget elementor-widget-text-editor\" data-id=\"e5bd20f\" data-element_type=\"widget\" data-e-type=\"widget\" data-widget_type=\"text-editor.default\">\n\t\t\t\t<div class=\"elementor-widget-container\">\n\t\t\t\t\t\t\t\t\t<div><p>Elei\u00e7\u00e3o da Presidente do Conselho Geral (2025 &#8211; 2029):<br \/>\u00bb <a href=\"https:\/\/aemcs.pt\/site\/wp-content\/uploads\/2025\/07\/Edital-da-Reuniao-do-Conselho-Geral.pdf\" target=\"_blank\" rel=\"noopener\">Edital da Reuni\u00e3o do Conselho Geral<\/a><\/p><\/div>\t\t\t\t\t\t\t\t<\/div>\n\t\t\t\t<\/div>\n\t\t\t\t\t<\/div>\n\t\t\t\t<\/div>\n\t\t\t\t<\/div>\n\t\t","protected":false},"excerpt":{"rendered":"<p>\u00bb Edital de Abertura\u00bb Regulamento Eleitoral\u00bb Calend\u00e1rio do Processo Eleitoral\u00bb Formul\u00e1rio &#8211; Lista de Candidatura do Pessoal Docente\u00bb Formul\u00e1rio &#8211; Lista de Candidatura do Pessoal N\u00e3o Docente \u00bb \u00a0Lista de Candidatura do Pessoal Docente\u00bb Lista de Candidatura do Pessoal N\u00e3o Docente \u00bb Cadernos Eleitorais (Atualizados) &#8211; Pessoal Docente\u00bb Cadernos Eleitorais (Atualizados) &#8211; Pessoal N\u00e3o Docente [&hellip;]<\/p>\n","protected":false},"author":1,"featured_media":0,"parent":0,"menu_order":0,"comment_status":"closed","ping_status":"closed","template":"","meta":{"footnotes":""},"categories":[],"tags":[],"class_list":["post-1742","page","type-page","status-publish","hentry"],"_links":{"self":[{"href":"https:\/\/aemcs.pt\/site\/wp-json\/wp\/v2\/pages\/1742","targetHints":{"allow":["GET"]}}],"collection":[{"href":"https:\/\/aemcs.pt\/site\/wp-json\/wp\/v2\/pages"}],"about":[{"href":"https:\/\/aemcs.pt\/site\/wp-json\/wp\/v2\/types\/page"}],"author":[{"embeddable":true,"href":"https:\/\/aemcs.pt\/site\/wp-json\/wp\/v2\/users\/1"}],"replies":[{"embeddable":true,"href":"https:\/\/aemcs.pt\/site\/wp-json\/wp\/v2\/comments?post=1742"}],"version-history":[{"count":25,"href":"https:\/\/aemcs.pt\/site\/wp-json\/wp\/v2\/pages\/1742\/revisions"}],"predecessor-version":[{"id":2006,"href":"https:\/\/aemcs.pt\/site\/wp-json\/wp\/v2\/pages\/1742\/revisions\/2006"}],"wp:attachment":[{"href":"https:\/\/aemcs.pt\/site\/wp-json\/wp\/v2\/media?parent=1742"}],"wp:term":[{"taxonomy":"category","embeddable":true,"href":"https:\/\/aemcs.pt\/site\/wp-json\/wp\/v2\/categories?post=1742"},{"taxonomy":"post_tag","embeddable":true,"href":"https:\/\/aemcs.pt\/site\/wp-json\/wp\/v2\/tags?post=1742"}],"curies":[{"name":"wp","href":"https:\/\/api.w.org\/{rel}","templated":true}]}}

Conselho Geral do AEMCS (2025/2029) &#8211; Eleição dos Representantes do Pessoal Docente e Não Docente

<div data-elementor-type="wp-page" data-elementor-id="1742" class="elementor elementor-1742">
				<div class="elementor-element elementor-element-6c5128c e-flex e-con-boxed e-con e-parent" data-id="6c5128c" data-element_type="container" data-e-type="container">
					<div class="e-con-inner">
				<div class="elementor-element elementor-element-c47a80b elementor-widget elementor-widget-text-editor" data-id="c47a80b" data-element_type="widget" data-e-type="widget" data-widget_type="text-editor.default">
				<div class="elementor-widget-container">
									<p>» Edital de Abertura<br />» Regulamento Eleitoral<br />» Calendário do Processo Eleitoral<br />» Formulário &#8211; Lista de Candidatura do Pessoal Docente<br />» Formulário &#8211; Lista de Candidatura do Pessoal Não Docente</p>								</div>
				</div>
					</div>
				</div>
		<div class="elementor-element elementor-element-76944fd e-flex e-con-boxed e-con e-parent" data-id="76944fd" data-element_type="container" data-e-type="container">
					<div class="e-con-inner">
				<div class="elementor-element elementor-element-622f5fe elementor-widget elementor-widget-text-editor" data-id="622f5fe" data-element_type="widget" data-e-type="widget" data-widget_type="text-editor.default">
				<div class="elementor-widget-container">
									<p>»  Lista de Candidatura do Pessoal Docente<br />» Lista de Candidatura do Pessoal Não Docente</p>								</div>
				</div>
					</div>
				</div>
		<div class="elementor-element elementor-element-9ae8f6f e-flex e-con-boxed e-con e-parent" data-id="9ae8f6f" data-element_type="container" data-e-type="container">
					<div class="e-con-inner">
				<div class="elementor-element elementor-element-78ef25d elementor-widget elementor-widget-text-editor" data-id="78ef25d" data-element_type="widget" data-e-type="widget" data-widget_type="text-editor.default">
				<div class="elementor-widget-container">
									<p>» Cadernos Eleitorais (Atualizados) &#8211; Pessoal Docente<br />» Cadernos Eleitorais (Atualizados) &#8211; Pessoal Não Docente</p>								</div>
				</div>
					</div>
				</div>
		<div class="elementor-element elementor-element-970ae71 e-flex e-con-boxed e-con e-parent" data-id="970ae71" data-element_type="container" data-e-type="container">
					<div class="e-con-inner">
				<div class="elementor-element elementor-element-98339ed elementor-widget elementor-widget-text-editor" data-id="98339ed" data-element_type="widget" data-e-type="widget" data-widget_type="text-editor.default">
				<div class="elementor-widget-container">
									<div><p>Resultados do Processo Eleitoral:<br />» <a href="https://aemcs.pt/site/wp-content/uploads/2025/06/Resultados-pessoal-docente.pdf" target="_blank" rel="noopener">Pessoal Docente</a><br />» <a href="https://aemcs.pt/site/wp-content/uploads/2025/06/Resultados-pessoal-nao-docente.pdf" target="_blank" rel="noopener">Pessoal Não Docente</a></p></div>								</div>
				</div>
					</div>
				</div>
		<div class="elementor-element elementor-element-0c7335e e-flex e-con-boxed e-con e-parent" data-id="0c7335e" data-element_type="container" data-e-type="container">
					<div class="e-con-inner">
				<div class="elementor-element elementor-element-e5bd20f elementor-widget elementor-widget-text-editor" data-id="e5bd20f" data-element_type="widget" data-e-type="widget" data-widget_type="text-editor.default">
				<div class="elementor-widget-container">
									<div><p>Eleição da Presidente do Conselho Geral (2025 &#8211; 2029):<br />» <a href="https://aemcs.pt/site/wp-content/uploads/2025/07/Edital-da-Reuniao-do-Conselho-Geral.pdf" target="_blank" rel="noopener">Edital da Reunião do Conselho Geral</a></p></div>								</div>
				</div>
					</div>
				</div>
				</div>

<p>» Edital de Abertura» Regulamento Eleitoral» Calendário do Processo Eleitoral» Formulário &#8211; Lista de Candidatura do Pessoal Docente» Formulário &#8211; Lista de Candidatura do Pessoal Não Docente »  Lista de Candidatura do Pessoal Docente» Lista de Candidatura do Pessoal Não Docente » Cadernos Eleitorais (Atualizados) &#8211; Pessoal Docente» Cadernos Eleitorais (Atualizados) &#8211; Pessoal Não Docente [&hellip;]</p>
